{"id":99358,"date":"2024-11-28T10:50:25","date_gmt":"2024-11-28T10:50:25","guid":{"rendered":"https:\/\/electromenagerexpress.com\/product\/cave-a-vin-de-servicele-chailmn50v\/"},"modified":"2024-11-28T10:50:26","modified_gmt":"2024-11-28T10:50:26","slug":"cave-a-vin-de-servicele-chailmn50v","status":"publish","type":"product","link":"https:\/\/electromenagerexpress.com\/en\/product\/cave-a-vin-de-servicele-chailmn50v\/","title":{"rendered":"Cave \u00e0 vin de service\t\t\t\t\t\t\tLE CHAI\t\t\t\tLMN50V"},"content":{"rendered":"<div class=\"product-features__content\">\n<ul role=\"list\">\n<li class=\"product-features__item\" role=\"listitem\">\n<h3 class=\"product-features__label\">Nos services de livraison<\/h3>\n<ul role=\"list\">\n<li class=\"product-features__item-list__item\" role=\"listitem\"><span class=\"is--medium\">Livraison et reprise de votre ancien appareil offerts \u00e0 partir de 379 \u20ac :<\/span> <a href=\"https:\/\/www.boulanger.com\/evenement\/livraison-domicile\" target=\"_blank\">en sa<\/a><\/li>\n<\/ul>\n<\/li>\n<li class=\"product-features__item\" role=\"listitem\">\n<h3 class=\"product-features__label\">Choisir ce produit pour quel usage ?<\/h3>\n<ul role=\"list\">\n<li class=\"product-features__item-list__item\" role=\"listitem\"><span class=\"is--medium\">Type d&rsquo;appareil :<\/span> cave de service, elle permet de servir le vin \u00e0 une temp\u00e9rature id\u00e9ale. Parfaite pour les d\u00e9gustateurs fins et r\u00e9guliers. Elle peut \u00e9galement compl\u00e9ter une cave traditionnelle enterr\u00e9e.\t\t\t\t\t<\/li>\n<li class=\"product-features__item-list__item\" role=\"listitem\"><span class=\"is--medium\">Type d&rsquo;installation :<\/span> encastrable, installez votre cave sous un plan de travail ou encastrez la dans une niche.\t\t\t\t\t<\/li>\n<li class=\"product-features__item-list__item\" role=\"listitem\"><span class=\"is--medium\">Comment choisir ma cave \u00e0 vin ? :<\/span> d\u00e9couvrez nos conseils en <a href=\"https:\/\/www.boulanger.com\/evenement\/cave-a-vin\" target=\"_blank\">en sa<\/a><\/li>\n<\/ul>\n<\/li>\n<li class=\"product-features__item\" role=\"listitem\">\n<h3 class=\"product-features__label\">Encastrement<\/h3>\n<ul role=\"list\">\n<li class=\"product-features__item-list__item\" role=\"listitem\"><span class=\"is--medium\">Cave encastrable :<\/span> permet d&rsquo;\u00eatre int\u00e9gr\u00e9 parfaitement dans une cuisine ou un meuble existant, cr\u00e9ant ainsi un aspect plus esth\u00e9tique et \u00e9l\u00e9gant.\t\t\t\t\t<\/li>\n<\/ul>\n<\/li>\n<li class=\"product-features__item\" role=\"listitem\">\n<h3 class=\"product-features__label\">Agencement et esthetique<\/h3>\n<ul role=\"list\">\n<li class=\"product-features__item-list__item\" role=\"listitem\"><span class=\"is--medium\">Nombre de bouteilles (type bordelaises l\u00e9g\u00e8res) :<\/span> 5\t\t\t\t\t<\/li>\n<li class=\"product-features__item-list__item\" role=\"listitem\"><span class=\"is--medium\">Le saviez-vous ? :<\/span> La capacit\u00e9 annonc\u00e9e est la capacit\u00e9 maximale mesur\u00e9e selon le standard europ\u00e9en EN62552. Ce standard est calcul\u00e9 avec des bouteilles 75cl type bordeaux tradition. La capacit\u00e9 annonc\u00e9e correspond donc au nombre de bouteilles de bordeaux possibles avec le nombre de clayettes fournies dans la cave.\t\t\t\t\t<\/li>\n<li class=\"product-features__item-list__item\" role=\"listitem\"><span class=\"is--medium\">Volume total :<\/span> 13 litres\t\t\t\t\t<\/li>\n<li class=\"product-features__item-list__item\" role=\"listitem\"><span class=\"is--medium\">Eclairage :<\/span> LED\t\t\t\t\t<\/li>\n<li class=\"product-features__item-list__item\" role=\"listitem\"><span class=\"is--medium\">Sens d&rsquo;ouverture de la porte :<\/span> tiroir \u00e0 glissi\u00e8re\t\t\t\t\t<\/li>\n<li class=\"product-features__item-list__item\" role=\"listitem\"><span class=\"is--medium\">Coloris :<\/span> noir\t\t\t\t\t<\/li>\n<li class=\"product-features__item-list__item\" role=\"listitem\"><span class=\"is--medium\">Rev\u00eatement ext\u00e9rieur de la cave :<\/span> m\u00e9tal\t\t\t\t\t<\/li>\n<\/ul>\n<\/li>\n<li class=\"product-features__item\" role=\"listitem\">\n<h3 class=\"product-features__label\">Conditions optimales<\/h3>\n<ul role=\"list\">\n<li class=\"product-features__item-list__item\" role=\"listitem\"><span class=\"is--medium\">Type de porte :<\/span> vitr\u00e9e, permet de visualiser facilement les bouteilles sans avoir \u00e0 ouvrir la porte, ce qui r\u00e9duit la circulation de l&rsquo;air dans la cave et donc la variation de la temp\u00e9rature. Le traitement anti-uv prot\u00e8ge le contenu.\t\t\t\t\t<\/li>\n<li class=\"product-features__item-list__item\" role=\"listitem\"><span class=\"is--medium\">Cave :<\/span> mono-temp\u00e9rature\t\t\t\t\t<\/li>\n<li class=\"product-features__item-list__item\" role=\"listitem\"><span class=\"is--medium\">Conseil de rangement :<\/span> rangez du haut vers le bas vins rouges forts, vins ros\u00e9s ou rouges moyens, vins blancs\t\t\t\t\t<\/li>\n<li class=\"product-features__item-list__item\" role=\"listitem\"><span class=\"is--medium\">Plages de temp\u00e9rature :<\/span> De 5 \u00e0 20\u00b0C\t\t\t\t\t<\/li>\n<li class=\"product-features__item-list__item\" role=\"listitem\"><span class=\"is--medium\">Classe climatique :<\/span> la classe climatique N-ST, ou classe temp\u00e9r\u00e9e \u00e0 subtropicale (de 16\u00b0C \u00e0 38\u00b0C), permet un fonctionnement optimum dans des pi\u00e8ces \u00e0 temp\u00e9ratures temp\u00e9r\u00e9es. Id\u00e9ale pour une installation dans une cuisine.\t\t\t\t\t<\/li>\n<li class=\"product-features__item-list__item\" role=\"listitem\"><span class=\"is--medium\">Zones de temp\u00e9ratures :<\/span> 1\t\t\t\t\t<\/li>\n<li class=\"product-features__item-list__item\" role=\"listitem\"><span class=\"is--medium\">A quoi servent les zones de temp\u00e9ratures ? :<\/span> elles permettent de stocker diff\u00e9rents types de vin dans des conditions de temp\u00e9rature optimales pour leur conservation et leur vieillissement afin de maintenir leur qualit\u00e9 et leur go\u00fbt \u00e0 long terme.\t\t\t\t\t<\/li>\n<li class=\"product-features__item-list__item\" role=\"listitem\"><span class=\"is--medium\">Alarme de temp\u00e9rature :<\/span> oui, permet d&rsquo;\u00eatre averti si la temp\u00e9rature de la cave \u00e0 vin sort de la plage de temp\u00e9ratures recommand\u00e9e et donc de prot\u00e9ger vos vins contre les dommages caus\u00e9s par une temp\u00e9rature trop \u00e9lev\u00e9e ou trop basse.\t\t\t\t\t<\/li>\n<li class=\"product-features__item-list__item\" role=\"listitem\"><span class=\"is--medium\">R\u00e9glage de la temp\u00e9rature :<\/span> \u00e9lectronique, permet d&rsquo;afficher la temp\u00e9rature et de la r\u00e9gler comme souhait\u00e9e\t\t\t\t\t<\/li>\n<li class=\"product-features__item-list__item\" role=\"listitem\"><span class=\"is--medium\">R\u00e9glage hygrom\u00e9trie :<\/span> Non\t\t\t\t\t<\/li>\n<li class=\"product-features__item-list__item\" role=\"listitem\"><span class=\"is--medium\">Filtre \u00e0 charbon :<\/span> Oui\t\t\t\t\t<\/li>\n<li class=\"product-features__item-list__item\" role=\"listitem\"><span class=\"is--medium\">A quoi sert le filtre \u00e0 charbon ? :<\/span> il permet de maintenir une atmosph\u00e8re saine et exempt\u00e9e d&rsquo;odeurs ind\u00e9sirables qui pourraient affecter la qualit\u00e9 du vin. Le filtre \u00e0 charbon absorbe les odeurs et les impuret\u00e9s de l&rsquo;air, tout en les emp\u00eachant d&rsquo;entrer en contact avec le vin.\t\t\t\t\t<\/li>\n<li class=\"product-features__item-list__item\" role=\"listitem\"><span class=\"is--medium\">Anti vibration :<\/span> oui, permet de r\u00e9duire les vibrations qui peuvent affecter la qualit\u00e9 du vin en perturbant les s\u00e9diments et la stabilit\u00e9 des bouchons en li\u00e8ge\t\t\t\t\t<\/li>\n<\/ul>\n<\/li>\n<li class=\"product-features__item\" role=\"listitem\">\n<h3 class=\"product-features__label\">Equipement<\/h3>\n<ul role=\"list\">\n<li class=\"product-features__item-list__item\" role=\"listitem\"><span class=\"is--medium\">Type de froid :<\/span> ventil\u00e9\t\t\t\t\t<\/li>\n<li class=\"product-features__item-list__item\" role=\"listitem\"><span class=\"is--medium\">Type de poign\u00e9e(s) :<\/span> int\u00e9gr\u00e9e(s), poign\u00e9e(s) invisible(s) pour un rendu esth\u00e9tique\t\t\t\t\t<\/li>\n<li class=\"product-features__item-list__item\" role=\"listitem\"><span class=\"is--medium\">Fermeture \u00e0 serrure :<\/span> non\t\t\t\t\t<\/li>\n<li class=\"product-features__item-list__item\" role=\"listitem\"><span class=\"is--medium\">Niveau sonore :<\/span> niveau sonore standard (40 db)\t\t\t\t\t<\/li>\n<li class=\"product-features__item-list__item\" role=\"listitem\"><span class=\"is--medium\">Classe d&rsquo;\u00e9mission de bruit acoustique dans l&rsquo;air :<\/span> C\t\t\t\t\t<\/li>\n<li class=\"product-features__item-list__item\" role=\"listitem\"><span class=\"is--medium\">Connect\u00e9e wifi :<\/span> non\t\t\t\t\t<\/li>\n<li class=\"product-features__item-list__item\" role=\"listitem\"><span class=\"is--medium\">Label \u00e9nergie :<\/span> G\t\t\t\t\t<\/li>\n<li class=\"product-features__item-list__item\" role=\"listitem\"><span class=\"is--medium\">Consommation :<\/span> 126 kWh\/an\t\t\t\t\t<\/li>\n<li class=\"product-features__item-list__item\" role=\"listitem\"><span class=\"is--medium\">Co\u00fbt annuel d&rsquo;utilisation (calcul\u00e9 selon un co\u00fbt unitaire en \u00e9l\u00e9ctricit\u00e9 de 0.2062 euros\/Kwh) :<\/span> 32 euros par an\t\t\t\t\t<\/li>\n<\/ul>\n<\/li>\n<li class=\"product-features__item\" role=\"listitem\">\n<h3 class=\"product-features__label\">Dimensions<\/h3>\n<ul role=\"list\">\n<li class=\"product-features__item-list__item\" role=\"listitem\"><span class=\"is--medium\">L x H x P :<\/span> 59.5 x 14.1 x 55.7 cm\t\t\t\t\t<\/li>\n<li class=\"product-features__item-list__item\" role=\"listitem\"><span class=\"is--medium\">Poids net :<\/span> 14,5 kg\t\t\t\t\t<\/li>\n<li class=\"product-features__item-list__item\" role=\"listitem\"><span class=\"is--medium\">Poids brut :<\/span> 18,5 kg\t\t\t\t\t<\/li>\n<\/ul>\n<\/li>\n<li class=\"product-features__item\" role=\"listitem\">\n<h3 class=\"product-features__label\">Informations compl\u00e9mentaires<\/h3>\n<ul role=\"list\">\n<li class=\"product-features__item-list__item\" role=\"listitem\"><span class=\"is--medium\">Garantie :<\/span> 2 ans\t\t\t\t\t<\/li>\n<li class=\"product-features__item-list__item\" role=\"listitem\"><span class=\"is--medium\">Disponibilit\u00e9 des pi\u00e8ces d\u00e9tach\u00e9es (donn\u00e9es fournisseur) :<\/span> Pendant 4 ans, \u00e0 compter de la date d&rsquo;achat\t\t\t\t\t<\/li>\n<li class=\"product-features__item-list__item\" role=\"listitem\"><span class=\"is--medium\">Fabriqu\u00e9 en :<\/span> Chine\t\t\t\t\t<\/li>\n<li class=\"product-features__item-list__item\" role=\"listitem\"><span class=\"is--medium\">Marque :<\/span> LE CHAI\t\t\t\t\t<\/li>\n<li class=\"product-features__item-list__item\" role=\"listitem\"><span class=\"is--medium\">R\u00e9f\u00e9rence constructeur :<\/span> LMN50V\t\t\t\t\t<\/li>\n<li class=\"product-features__item-list__item\" role=\"listitem\"><span class=\"is--medium\">Les services boulanger :<\/span> <a href=\"https:\/\/www.boulanger.com\/evenement\/livraison-domicile\" target=\"_blank\">cliquez ici pour d\u00e9couvrir tous nos services<\/a><\/li>\n<\/ul>\n<\/li>\n<li class=\"product-features__item\" role=\"listitem\">\n<h3 class=\"product-features__label\">Boulanger INFINITY<\/h3>\n<ul role=\"list\">\n<li class=\"product-features__item-list__item\" role=\"listitem\"><span class=\"is--medium\">R\u00e9parez en illimit\u00e9* vos appareils achet\u00e9s chez Boulanger ou ailleurs (*conditions d\u00e9taill\u00e9es dans la notice d&rsquo;information de la garantie Boulanger INFINITY) :<\/span> <a href=\"http:\/\/www.boulanger.com\/evenement\/boulanger-infinity\" target=\"_blank\">en sa<\/a><\/li>\n<\/ul>\n<\/li>\n<\/ul>\n<\/div>","protected":false},"excerpt":{"rendered":"<div class=\"keypoints\">\n<h3 class=\"keypoints__title\">Les points cl\u00e9s<\/h3>\n<ul role=\"list\">\n<li class=\"keypoints__item\" role=\"listitem\">                                        Nombre de bouteilles : 5                      <\/li>\n<li class=\"keypoints__item\" role=\"listitem\">                                        L x H x P : 59.5 x 14.1 x 55.7 cm                      <\/li>\n<li class=\"keypoints__item\" role=\"listitem\">                          R\u00e9glage temp\u00e9rature : \u00e9lectronique via \u00e9cran &#8211;                                                      Nombre de zones : 1 zone                      <\/li>\n<li class=\"keypoints__item\" role=\"listitem\">                                        Niveau sonore : Silencieux (40dB)                      <\/li>\n<li class=\"keypoints__item keypoints__item--advantage\" role=\"listitem\"><strong>Le + :<\/strong> Contr\u00f4le sensitif avec affichage digital LED blanc, Amplitude : +5\u00b0C &#8211; +20\u00b0C ,Porte trait\u00e9e anti-UV      <\/li>\n<\/ul>","protected":false},"featured_media":39991,"template":"","meta":{"_glsr_average":0,"_glsr_ranking":0,"_glsr_reviews":0},"product_cat":[270],"product_tag":[195,271,131],"class_list":{"0":"post-99358","1":"product","2":"type-product","3":"status-publish","4":"has-post-thumbnail","6":"product_cat-cave-de-service","7":"product_tag-cave-a-vin","8":"product_tag-cave-de-service","9":"product_tag-gros-electromenager","11":"first","12":"instock","13":"sale","14":"shipping-taxable","15":"purchasable","16":"product-type-simple"},"_links":{"self":[{"href":"https:\/\/electromenagerexpress.com\/en\/wp-json\/wp\/v2\/product\/99358","targetHints":{"allow":["GET"]}}],"collection":[{"href":"https:\/\/electromenagerexpress.com\/en\/wp-json\/wp\/v2\/product"}],"about":[{"href":"https:\/\/electromenagerexpress.com\/en\/wp-json\/wp\/v2\/types\/product"}],"wp:featuredmedia":[{"embeddable":true,"href":"https:\/\/electromenagerexpress.com\/en\/wp-json\/wp\/v2\/media\/39991"}],"wp:attachment":[{"href":"https:\/\/electromenagerexpress.com\/en\/wp-json\/wp\/v2\/media?parent=99358"}],"wp:term":[{"taxonomy":"product_cat","embeddable":true,"href":"https:\/\/electromenagerexpress.com\/en\/wp-json\/wp\/v2\/product_cat?post=99358"},{"taxonomy":"product_tag","embeddable":true,"href":"https:\/\/electromenagerexpress.com\/en\/wp-json\/wp\/v2\/product_tag?post=99358"}],"curies":[{"name":"wp","href":"https:\/\/api.w.org\/{rel}","templated":true}]}}

Cave à vin de service							LE CHAI				LMN50V

<div class="product-features__content">
<ul role="list">
<li class="product-features__item" role="listitem">
<h3 class="product-features__label">Nos services de livraison</h3>
<ul role="list">
<li class="product-features__item-list__item" role="listitem"><span class="is--medium">Livraison et reprise de votre ancien appareil offerts à partir de 379 € :</span> <a href="https://www.boulanger.com/evenement/livraison-domicile" target="_blank">en sa</a></li>
</ul>
</li>
<li class="product-features__item" role="listitem">
<h3 class="product-features__label">Choisir ce produit pour quel usage ?</h3>
<ul role="list">
<li class="product-features__item-list__item" role="listitem"><span class="is--medium">Type d&rsquo;appareil :</span> cave de service, elle permet de servir le vin à une température idéale. Parfaite pour les dégustateurs fins et réguliers. Elle peut également compléter une cave traditionnelle enterrée.					</li>
<li class="product-features__item-list__item" role="listitem"><span class="is--medium">Type d&rsquo;installation :</span> encastrable, installez votre cave sous un plan de travail ou encastrez la dans une niche.					</li>
<li class="product-features__item-list__item" role="listitem"><span class="is--medium">Comment choisir ma cave à vin ? :</span> découvrez nos conseils en <a href="https://www.boulanger.com/evenement/cave-a-vin" target="_blank">en sa</a></li>
</ul>
</li>
<li class="product-features__item" role="listitem">
<h3 class="product-features__label">Encastrement</h3>
<ul role="list">
<li class="product-features__item-list__item" role="listitem"><span class="is--medium">Cave encastrable :</span> permet d&rsquo;être intégré parfaitement dans une cuisine ou un meuble existant, créant ainsi un aspect plus esthétique et élégant.					</li>
</ul>
</li>
<li class="product-features__item" role="listitem">
<h3 class="product-features__label">Agencement et esthetique</h3>
<ul role="list">
<li class="product-features__item-list__item" role="listitem"><span class="is--medium">Nombre de bouteilles (type bordelaises légères) :</span> 5					</li>
<li class="product-features__item-list__item" role="listitem"><span class="is--medium">Le saviez-vous ? :</span> La capacité annoncée est la capacité maximale mesurée selon le standard européen EN62552. Ce standard est calculé avec des bouteilles 75cl type bordeaux tradition. La capacité annoncée correspond donc au nombre de bouteilles de bordeaux possibles avec le nombre de clayettes fournies dans la cave.					</li>
<li class="product-features__item-list__item" role="listitem"><span class="is--medium">Volume total :</span> 13 litres					</li>
<li class="product-features__item-list__item" role="listitem"><span class="is--medium">Eclairage :</span> LED					</li>
<li class="product-features__item-list__item" role="listitem"><span class="is--medium">Sens d&rsquo;ouverture de la porte :</span> tiroir à glissière					</li>
<li class="product-features__item-list__item" role="listitem"><span class="is--medium">Coloris :</span> noir					</li>
<li class="product-features__item-list__item" role="listitem"><span class="is--medium">Revêtement extérieur de la cave :</span> métal					</li>
</ul>
</li>
<li class="product-features__item" role="listitem">
<h3 class="product-features__label">Conditions optimales</h3>
<ul role="list">
<li class="product-features__item-list__item" role="listitem"><span class="is--medium">Type de porte :</span> vitrée, permet de visualiser facilement les bouteilles sans avoir à ouvrir la porte, ce qui réduit la circulation de l&rsquo;air dans la cave et donc la variation de la température. Le traitement anti-uv protège le contenu.					</li>
<li class="product-features__item-list__item" role="listitem"><span class="is--medium">Cave :</span> mono-température					</li>
<li class="product-features__item-list__item" role="listitem"><span class="is--medium">Conseil de rangement :</span> rangez du haut vers le bas vins rouges forts, vins rosés ou rouges moyens, vins blancs					</li>
<li class="product-features__item-list__item" role="listitem"><span class="is--medium">Plages de température :</span> De 5 à 20°C					</li>
<li class="product-features__item-list__item" role="listitem"><span class="is--medium">Classe climatique :</span> la classe climatique N-ST, ou classe tempérée à subtropicale (de 16°C à 38°C), permet un fonctionnement optimum dans des pièces à températures tempérées. Idéale pour une installation dans une cuisine.					</li>
<li class="product-features__item-list__item" role="listitem"><span class="is--medium">Zones de températures :</span> 1					</li>
<li class="product-features__item-list__item" role="listitem"><span class="is--medium">A quoi servent les zones de températures ? :</span> elles permettent de stocker différents types de vin dans des conditions de température optimales pour leur conservation et leur vieillissement afin de maintenir leur qualité et leur goût à long terme.					</li>
<li class="product-features__item-list__item" role="listitem"><span class="is--medium">Alarme de température :</span> oui, permet d&rsquo;être averti si la température de la cave à vin sort de la plage de températures recommandée et donc de protéger vos vins contre les dommages causés par une température trop élevée ou trop basse.					</li>
<li class="product-features__item-list__item" role="listitem"><span class="is--medium">Réglage de la température :</span> électronique, permet d&rsquo;afficher la température et de la régler comme souhaitée					</li>
<li class="product-features__item-list__item" role="listitem"><span class="is--medium">Réglage hygrométrie :</span> Non					</li>
<li class="product-features__item-list__item" role="listitem"><span class="is--medium">Filtre à charbon :</span> Oui					</li>
<li class="product-features__item-list__item" role="listitem"><span class="is--medium">A quoi sert le filtre à charbon ? :</span> il permet de maintenir une atmosphère saine et exemptée d&rsquo;odeurs indésirables qui pourraient affecter la qualité du vin. Le filtre à charbon absorbe les odeurs et les impuretés de l&rsquo;air, tout en les empêchant d&rsquo;entrer en contact avec le vin.					</li>
<li class="product-features__item-list__item" role="listitem"><span class="is--medium">Anti vibration :</span> oui, permet de réduire les vibrations qui peuvent affecter la qualité du vin en perturbant les sédiments et la stabilité des bouchons en liège					</li>
</ul>
</li>
<li class="product-features__item" role="listitem">
<h3 class="product-features__label">Equipement</h3>
<ul role="list">
<li class="product-features__item-list__item" role="listitem"><span class="is--medium">Type de froid :</span> ventilé					</li>
<li class="product-features__item-list__item" role="listitem"><span class="is--medium">Type de poignée(s) :</span> intégrée(s), poignée(s) invisible(s) pour un rendu esthétique					</li>
<li class="product-features__item-list__item" role="listitem"><span class="is--medium">Fermeture à serrure :</span> non					</li>
<li class="product-features__item-list__item" role="listitem"><span class="is--medium">Niveau sonore :</span> niveau sonore standard (40 db)					</li>
<li class="product-features__item-list__item" role="listitem"><span class="is--medium">Classe d&rsquo;émission de bruit acoustique dans l&rsquo;air :</span> C					</li>
<li class="product-features__item-list__item" role="listitem"><span class="is--medium">Connectée wifi :</span> non					</li>
<li class="product-features__item-list__item" role="listitem"><span class="is--medium">Label énergie :</span> G					</li>
<li class="product-features__item-list__item" role="listitem"><span class="is--medium">Consommation :</span> 126 kWh/an					</li>
<li class="product-features__item-list__item" role="listitem"><span class="is--medium">Coût annuel d&rsquo;utilisation (calculé selon un coût unitaire en éléctricité de 0.2062 euros/Kwh) :</span> 32 euros par an					</li>
</ul>
</li>
<li class="product-features__item" role="listitem">
<h3 class="product-features__label">Dimensions</h3>
<ul role="list">
<li class="product-features__item-list__item" role="listitem"><span class="is--medium">L x H x P :</span> 59.5 x 14.1 x 55.7 cm					</li>
<li class="product-features__item-list__item" role="listitem"><span class="is--medium">Poids net :</span> 14,5 kg					</li>
<li class="product-features__item-list__item" role="listitem"><span class="is--medium">Poids brut :</span> 18,5 kg					</li>
</ul>
</li>
<li class="product-features__item" role="listitem">
<h3 class="product-features__label">Informations complémentaires</h3>
<ul role="list">
<li class="product-features__item-list__item" role="listitem"><span class="is--medium">Garantie :</span> 2 ans					</li>
<li class="product-features__item-list__item" role="listitem"><span class="is--medium">Disponibilité des pièces détachées (données fournisseur) :</span> Pendant 4 ans, à compter de la date d&rsquo;achat					</li>
<li class="product-features__item-list__item" role="listitem"><span class="is--medium">Fabriqué en :</span> Chine					</li>
<li class="product-features__item-list__item" role="listitem"><span class="is--medium">Marque :</span> LE CHAI					</li>
<li class="product-features__item-list__item" role="listitem"><span class="is--medium">Référence constructeur :</span> LMN50V					</li>
<li class="product-features__item-list__item" role="listitem"><span class="is--medium">Les services boulanger :</span> <a href="https://www.boulanger.com/evenement/livraison-domicile" target="_blank">cliquez ici pour découvrir tous nos services</a></li>
</ul>
</li>
<li class="product-features__item" role="listitem">
<h3 class="product-features__label">Boulanger INFINITY</h3>
<ul role="list">
<li class="product-features__item-list__item" role="listitem"><span class="is--medium">Réparez en illimité* vos appareils achetés chez Boulanger ou ailleurs (*conditions détaillées dans la notice d&rsquo;information de la garantie Boulanger INFINITY) :</span> <a href="http://www.boulanger.com/evenement/boulanger-infinity" target="_blank">en sa</a></li>
</ul>
</li>
</ul>
</div>

<div class="keypoints">
<h3 class="keypoints__title">Les points clés</h3>
<ul role="list">
<li class="keypoints__item" role="listitem">                                        Nombre de bouteilles : 5                      </li>
<li class="keypoints__item" role="listitem">                                        L x H x P : 59.5 x 14.1 x 55.7 cm                      </li>
<li class="keypoints__item" role="listitem">                          Réglage température : électronique via écran &#8211;                                                      Nombre de zones : 1 zone                      </li>
<li class="keypoints__item" role="listitem">                                        Niveau sonore : Silencieux (40dB)                      </li>
<li class="keypoints__item keypoints__item--advantage" role="listitem"><strong>Le + :</strong> Contrôle sensitif avec affichage digital LED blanc, Amplitude : +5°C &#8211; +20°C ,Porte traitée anti-UV      </li>
</ul>
