{"id":39750,"date":"2024-11-21T15:42:59","date_gmt":"2024-11-21T15:42:59","guid":{"rendered":"https:\/\/electromenagerexpress.com\/product\/cave-a-vin-encastrable-le-chailbn200pov\/"},"modified":"2024-11-22T10:35:26","modified_gmt":"2024-11-22T10:35:26","slug":"cave-a-vin-encastrable-le-chailbn200pov","status":"publish","type":"product","link":"https:\/\/electromenagerexpress.com\/en\/product\/cave-a-vin-encastrable-le-chailbn200pov\/","title":{"rendered":"Cave \u00e0 vin encastrable LE CHAI LBN200POV"},"content":{"rendered":"<div class=\"product-features__content\">\n<h3 class=\"product-features__label\">\u00a0 \u00a0 \u00a0 \u00a0 \u00a0 \u00a0 \u00a0 Encastrement<\/h3>\n<ul role=\"list\">\n<li style=\"list-style-type: none;\">\n<ul>\n<li style=\"list-style-type: none;\">\n<ul role=\"list\">\n<li class=\"product-features__item-list__item\" role=\"listitem\"><span class=\"is--medium\">Cave encastrable :<\/span> permet d&rsquo;\u00eatre int\u00e9gr\u00e9 parfaitement dans une cuisine ou un meuble existant, cr\u00e9ant ainsi un aspect plus esth\u00e9tique et \u00e9l\u00e9gant.<br \/>\n<h3 class=\"product-features__label\">Agencement et esthetique<\/h3>\n<ul role=\"list\">\n<li class=\"product-features__item-list__item\" role=\"listitem\"><span class=\"is--medium\">Nombre de bouteilles (type bordelaises l\u00e9g\u00e8res) :<\/span> 20<\/li>\n<li class=\"product-features__item-list__item\" role=\"listitem\"><span class=\"is--medium\">Le saviez-vous ? :<\/span> La capacit\u00e9 annonc\u00e9e est la capacit\u00e9 maximale mesur\u00e9e selon le standard europ\u00e9en EN62552. Ce standard est calcul\u00e9 avec des bouteilles 75cl type bordeaux tradition. La capacit\u00e9 annonc\u00e9e correspond donc au nombre de bouteilles de bordeaux possibles avec le nombre de clayettes fournies dans la cave.<\/li>\n<li class=\"product-features__item-list__item\" role=\"listitem\"><span class=\"is--medium\">Volume total :<\/span> 40 litres<\/li>\n<li class=\"product-features__item-list__item\" role=\"listitem\"><span class=\"is--medium\">Type de clayettes :<\/span> clayette classique, permet d&rsquo;optimiser le rangement \u00e0 l&rsquo;int\u00e9rieur de la cave \u00e0 vin et de pr\u00e9senter des bouteilles en position verticale, semi-inclin\u00e9e.<\/li>\n<li class=\"product-features__item-list__item\" role=\"listitem\"><span class=\"is--medium\">Nombre de clayette(s) :<\/span> 2<\/li>\n<li class=\"product-features__item-list__item\" role=\"listitem\"><span class=\"is--medium\">Mat\u00e9riau des clayettes :<\/span> bois, permet d&rsquo;offrir une consevation optimale pour le vin en maintenant le li\u00e8ge en contact avec le vin et une durabilit\u00e9 \u00e0 long terme<\/li>\n<li class=\"product-features__item-list__item\" role=\"listitem\"><span class=\"is--medium\">Eclairage :<\/span> LED<\/li>\n<li class=\"product-features__item-list__item\" role=\"listitem\"><span class=\"is--medium\">Porte r\u00e9versible :<\/span> Oui, vous permet de changer le sens d&rsquo;ouverture de la porte. Ce changement peut s&rsquo;effectuer lors de l&rsquo;installationde votre produit<\/li>\n<li class=\"product-features__item-list__item\" role=\"listitem\"><span class=\"is--medium\">Sens d&rsquo;ouverture de la porte :<\/span> fixations \u00e0 gauche r\u00e9versible<\/li>\n<li class=\"product-features__item-list__item\" role=\"listitem\"><span class=\"is--medium\">Coloris :<\/span> noir<\/li>\n<li class=\"product-features__item-list__item\" role=\"listitem\"><span class=\"is--medium\">Rev\u00eatement ext\u00e9rieur de la cave :<\/span> m\u00e9tal<br \/>\n<h3 class=\"product-features__label\">Conditions optimales<\/h3>\n<ul role=\"list\">\n<li class=\"product-features__item-list__item\" role=\"listitem\"><span class=\"is--medium\">Type de porte :<\/span> vitr\u00e9e, permet de visualiser facilement les bouteilles sans avoir \u00e0 ouvrir la porte, ce qui r\u00e9duit la circulation de l&rsquo;air dans la cave et donc la variation de la temp\u00e9rature. Le traitement anti-uv prot\u00e8ge le contenu.<\/li>\n<li class=\"product-features__item-list__item\" role=\"listitem\"><span class=\"is--medium\">Cave :<\/span> multi-temp\u00e9ratures<\/li>\n<li class=\"product-features__item-list__item\" role=\"listitem\"><span class=\"is--medium\">Plages de temp\u00e9rature :<\/span> De 5 \u00e0 20\u00b0C<\/li>\n<li class=\"product-features__item-list__item\" role=\"listitem\"><span class=\"is--medium\">Classe climatique :<\/span> la classe climatique ST, ou classe semi-tropicale (de 18\u00b0C \u00e0 38\u00b0C), permet un fonctionnement optimum dans des pi\u00e8ces \u00e0 temp\u00e9ratures plut\u00f4t \u00e9lev\u00e9es. Id\u00e9ale pour une installation dans une cuisine.<\/li>\n<li class=\"product-features__item-list__item\" role=\"listitem\"><span class=\"is--medium\">Zones de temp\u00e9ratures :<\/span> 2<\/li>\n<li class=\"product-features__item-list__item\" role=\"listitem\"><span class=\"is--medium\">A quoi servent les zones de temp\u00e9ratures ? :<\/span> elles permettent de stocker diff\u00e9rents types de vin dans des conditions de temp\u00e9rature optimales pour leur conservation et leur vieillissement afin de maintenir leur qualit\u00e9 et leur go\u00fbt \u00e0 long terme.<\/li>\n<li class=\"product-features__item-list__item\" role=\"listitem\"><span class=\"is--medium\">Alarme de temp\u00e9rature :<\/span> oui, permet d&rsquo;\u00eatre averti si la temp\u00e9rature de la cave \u00e0 vin sort de la plage de temp\u00e9ratures recommand\u00e9e et donc de prot\u00e9ger vos vins contre les dommages caus\u00e9s par une temp\u00e9rature trop \u00e9lev\u00e9e ou trop basse.<\/li>\n<li class=\"product-features__item-list__item\" role=\"listitem\"><span class=\"is--medium\">R\u00e9glage de la temp\u00e9rature :<\/span> \u00e9lectronique, permet d&rsquo;afficher la temp\u00e9rature et de la r\u00e9gler comme souhait\u00e9e<\/li>\n<li class=\"product-features__item-list__item\" role=\"listitem\"><span class=\"is--medium\">R\u00e9glage hygrom\u00e9trie :<\/span> Non<\/li>\n<li class=\"product-features__item-list__item\" role=\"listitem\"><span class=\"is--medium\">Filtre \u00e0 charbon :<\/span> Oui<\/li>\n<li class=\"product-features__item-list__item\" role=\"listitem\"><span class=\"is--medium\">A quoi sert le filtre \u00e0 charbon ? :<\/span> il permet de maintenir une atmosph\u00e8re saine et exempt\u00e9e d&rsquo;odeurs ind\u00e9sirables qui pourraient affecter la qualit\u00e9 du vin. Le filtre \u00e0 charbon absorbe les odeurs et les impuret\u00e9s de l&rsquo;air, tout en les emp\u00eachant d&rsquo;entrer en contact avec le vin.<\/li>\n<li class=\"product-features__item-list__item\" role=\"listitem\"><span class=\"is--medium\">Anti vibration :<\/span> oui, permet de r\u00e9duire les vibrations qui peuvent affecter la qualit\u00e9 du vin en perturbant les s\u00e9diments et la stabilit\u00e9 des bouchons en li\u00e8ge<\/li>\n<li class=\"product-features__item-list__item\" role=\"listitem\"><span class=\"is--medium\">Mode shabbat :<\/span> Non<br \/>\n<h3 class=\"product-features__label\">Equipement<\/h3>\n<ul role=\"list\">\n<li class=\"product-features__item-list__item\" role=\"listitem\"><span class=\"is--medium\">Type de poign\u00e9e(s) :<\/span> int\u00e9gr\u00e9e(s), poign\u00e9e(s) invisible(s) pour un rendu esth\u00e9tique<\/li>\n<li class=\"product-features__item-list__item\" role=\"listitem\"><span class=\"is--medium\">Fermeture \u00e0 serrure :<\/span> non<\/li>\n<li class=\"product-features__item-list__item\" role=\"listitem\"><span class=\"is--medium\">Roulettes :<\/span> Non<\/li>\n<li class=\"product-features__item-list__item\" role=\"listitem\"><span class=\"is--medium\">Niveau sonore :<\/span> tr\u00e8s silencieux (36 db)<\/li>\n<li class=\"product-features__item-list__item\" role=\"listitem\"><span class=\"is--medium\">Classe d&rsquo;\u00e9mission de bruit acoustique dans l&rsquo;air :<\/span> B<\/li>\n<li class=\"product-features__item-list__item\" role=\"listitem\"><span class=\"is--medium\">Connect\u00e9e wifi :<\/span> non<\/li>\n<li class=\"product-features__item-list__item\" role=\"listitem\"><span class=\"is--medium\">Label \u00e9nergie :<\/span> F<\/li>\n<li class=\"product-features__item-list__item\" role=\"listitem\"><span class=\"is--medium\">Consommation :<\/span> 95 kWh\/an<\/li>\n<li class=\"product-features__item-list__item\" role=\"listitem\"><span class=\"is--medium\">Co\u00fbt annuel d&rsquo;utilisation (calcul\u00e9 selon un co\u00fbt unitaire en \u00e9l\u00e9ctricit\u00e9 de 0.2062 euros\/Kwh) :<\/span> 24 euros par an<\/li>\n<\/ul>\n<\/li>\n<\/ul>\n<\/li>\n<\/ul>\n<\/li>\n<\/ul>\n<\/li>\n<\/ul>\n<\/li>\n<li class=\"product-features__item\" role=\"listitem\">\n<h3 class=\"product-features__label\">Dimensions<\/h3>\n<ul role=\"list\">\n<li class=\"product-features__item-list__item\" role=\"listitem\"><span class=\"is--medium\">L x H x P :<\/span> 59.5 x 45.5 x 56 cm<\/li>\n<li class=\"product-features__item-list__item\" role=\"listitem\"><span class=\"is--medium\">Poids net :<\/span> 34,0 kg<\/li>\n<li class=\"product-features__item-list__item\" role=\"listitem\"><span class=\"is--medium\">Poids brut :<\/span> 38,0 kg<\/li>\n<\/ul>\n<\/li>\n<li class=\"product-features__item\" role=\"listitem\">\n<h3 class=\"product-features__label\">Informations compl\u00e9mentaires<\/h3>\n<ul role=\"list\">\n<li style=\"list-style-type: none\">\n<ul role=\"list\">\n<li class=\"product-features__item-list__item\" role=\"listitem\"><span class=\"is--medium\">Garantie :<\/span> 2 ans<\/li>\n<li class=\"product-features__item-list__item\" role=\"listitem\"><span class=\"is--medium\">Disponibilit\u00e9 des pi\u00e8ces d\u00e9tach\u00e9es (donn\u00e9es fournisseur) :<\/span> Pendant 5 ans, \u00e0 compter de la date de fabrication<\/li>\n<li class=\"product-features__item-list__item\" role=\"listitem\"><span class=\"is--medium\">Fabriqu\u00e9 en :<\/span> Chine<\/li>\n<li class=\"product-features__item-list__item\" role=\"listitem\"><span class=\"is--medium\">Marque :<\/span> LE CHAI<\/li>\n<li class=\"product-features__item-list__item\" role=\"listitem\"><span class=\"is--medium\">R\u00e9f\u00e9rence constructeur :<\/span> LBN200POV<\/li>\n<\/ul>\n<\/li>\n<\/ul>\n<\/li>\n<\/ul>\n<\/div>\n<div class=\"product__disclosure-content\">\n<p>&nbsp;<\/p>\n<\/div>","protected":false},"excerpt":{"rendered":"<div class=\"keypoints\">\n<h3 class=\"keypoints__title\">Les points cl\u00e9s<\/h3>\n<ul role=\"list\">\n<li class=\"keypoints__item\" role=\"listitem\">Nombre de bouteilles : 20 &#8211; Nombre de clayette(s) : 2<\/li>\n<li class=\"keypoints__item\" role=\"listitem\">L x H x P : 59.5 x 45.5 x 56 cm<\/li>\n<li class=\"keypoints__item\" role=\"listitem\">R\u00e9glage temp\u00e9rature : \u00e9lectronique via \u00e9cran &#8211; Nombre de zones : 2 zones<\/li>\n<li class=\"keypoints__item\" role=\"listitem\">Niveau sonore : Tr\u00e8s Silencieux (36dB)<\/li>\n<li class=\"keypoints__item keypoints__item--advantage\" role=\"listitem\"><strong>Le + :<\/strong> Contr\u00f4le sensitif avec affichage digital<\/li>\n<\/ul>\n<\/div>","protected":false},"featured_media":35630,"template":"","meta":{"_glsr_average":0,"_glsr_ranking":0,"_glsr_reviews":0},"product_cat":[270],"product_tag":[195,271,131],"class_list":{"0":"post-39750","1":"product","2":"type-product","3":"status-publish","4":"has-post-thumbnail","6":"product_cat-cave-de-service","7":"product_tag-cave-a-vin","8":"product_tag-cave-de-service","9":"product_tag-gros-electromenager","11":"first","12":"instock","13":"sale","14":"shipping-taxable","15":"purchasable","16":"product-type-simple"},"_links":{"self":[{"href":"https:\/\/electromenagerexpress.com\/en\/wp-json\/wp\/v2\/product\/39750","targetHints":{"allow":["GET"]}}],"collection":[{"href":"https:\/\/electromenagerexpress.com\/en\/wp-json\/wp\/v2\/product"}],"about":[{"href":"https:\/\/electromenagerexpress.com\/en\/wp-json\/wp\/v2\/types\/product"}],"wp:featuredmedia":[{"embeddable":true,"href":"https:\/\/electromenagerexpress.com\/en\/wp-json\/wp\/v2\/media\/35630"}],"wp:attachment":[{"href":"https:\/\/electromenagerexpress.com\/en\/wp-json\/wp\/v2\/media?parent=39750"}],"wp:term":[{"taxonomy":"product_cat","embeddable":true,"href":"https:\/\/electromenagerexpress.com\/en\/wp-json\/wp\/v2\/product_cat?post=39750"},{"taxonomy":"product_tag","embeddable":true,"href":"https:\/\/electromenagerexpress.com\/en\/wp-json\/wp\/v2\/product_tag?post=39750"}],"curies":[{"name":"wp","href":"https:\/\/api.w.org\/{rel}","templated":true}]}}

Cave à vin encastrable LE CHAI LBN200POV

<div class="product-features__content">
<h3 class="product-features__label">              Encastrement</h3>
<ul role="list">
<li style="list-style-type: none;">
<ul>
<li style="list-style-type: none;">
<ul role="list">
<li class="product-features__item-list__item" role="listitem"><span class="is--medium">Cave encastrable :</span> permet d&rsquo;être intégré parfaitement dans une cuisine ou un meuble existant, créant ainsi un aspect plus esthétique et élégant.<br />
<h3 class="product-features__label">Agencement et esthetique</h3>
<ul role="list">
<li class="product-features__item-list__item" role="listitem"><span class="is--medium">Nombre de bouteilles (type bordelaises légères) :</span> 20</li>
<li class="product-features__item-list__item" role="listitem"><span class="is--medium">Le saviez-vous ? :</span> La capacité annoncée est la capacité maximale mesurée selon le standard européen EN62552. Ce standard est calculé avec des bouteilles 75cl type bordeaux tradition. La capacité annoncée correspond donc au nombre de bouteilles de bordeaux possibles avec le nombre de clayettes fournies dans la cave.</li>
<li class="product-features__item-list__item" role="listitem"><span class="is--medium">Volume total :</span> 40 litres</li>
<li class="product-features__item-list__item" role="listitem"><span class="is--medium">Type de clayettes :</span> clayette classique, permet d&rsquo;optimiser le rangement à l&rsquo;intérieur de la cave à vin et de présenter des bouteilles en position verticale, semi-inclinée.</li>
<li class="product-features__item-list__item" role="listitem"><span class="is--medium">Nombre de clayette(s) :</span> 2</li>
<li class="product-features__item-list__item" role="listitem"><span class="is--medium">Matériau des clayettes :</span> bois, permet d&rsquo;offrir une consevation optimale pour le vin en maintenant le liège en contact avec le vin et une durabilité à long terme</li>
<li class="product-features__item-list__item" role="listitem"><span class="is--medium">Eclairage :</span> LED</li>
<li class="product-features__item-list__item" role="listitem"><span class="is--medium">Porte réversible :</span> Oui, vous permet de changer le sens d&rsquo;ouverture de la porte. Ce changement peut s&rsquo;effectuer lors de l&rsquo;installationde votre produit</li>
<li class="product-features__item-list__item" role="listitem"><span class="is--medium">Sens d&rsquo;ouverture de la porte :</span> fixations à gauche réversible</li>
<li class="product-features__item-list__item" role="listitem"><span class="is--medium">Coloris :</span> noir</li>
<li class="product-features__item-list__item" role="listitem"><span class="is--medium">Revêtement extérieur de la cave :</span> métal<br />
<h3 class="product-features__label">Conditions optimales</h3>
<ul role="list">
<li class="product-features__item-list__item" role="listitem"><span class="is--medium">Type de porte :</span> vitrée, permet de visualiser facilement les bouteilles sans avoir à ouvrir la porte, ce qui réduit la circulation de l&rsquo;air dans la cave et donc la variation de la température. Le traitement anti-uv protège le contenu.</li>
<li class="product-features__item-list__item" role="listitem"><span class="is--medium">Cave :</span> multi-températures</li>
<li class="product-features__item-list__item" role="listitem"><span class="is--medium">Plages de température :</span> De 5 à 20°C</li>
<li class="product-features__item-list__item" role="listitem"><span class="is--medium">Classe climatique :</span> la classe climatique ST, ou classe semi-tropicale (de 18°C à 38°C), permet un fonctionnement optimum dans des pièces à températures plutôt élevées. Idéale pour une installation dans une cuisine.</li>
<li class="product-features__item-list__item" role="listitem"><span class="is--medium">Zones de températures :</span> 2</li>
<li class="product-features__item-list__item" role="listitem"><span class="is--medium">A quoi servent les zones de températures ? :</span> elles permettent de stocker différents types de vin dans des conditions de température optimales pour leur conservation et leur vieillissement afin de maintenir leur qualité et leur goût à long terme.</li>
<li class="product-features__item-list__item" role="listitem"><span class="is--medium">Alarme de température :</span> oui, permet d&rsquo;être averti si la température de la cave à vin sort de la plage de températures recommandée et donc de protéger vos vins contre les dommages causés par une température trop élevée ou trop basse.</li>
<li class="product-features__item-list__item" role="listitem"><span class="is--medium">Réglage de la température :</span> électronique, permet d&rsquo;afficher la température et de la régler comme souhaitée</li>
<li class="product-features__item-list__item" role="listitem"><span class="is--medium">Réglage hygrométrie :</span> Non</li>
<li class="product-features__item-list__item" role="listitem"><span class="is--medium">Filtre à charbon :</span> Oui</li>
<li class="product-features__item-list__item" role="listitem"><span class="is--medium">A quoi sert le filtre à charbon ? :</span> il permet de maintenir une atmosphère saine et exemptée d&rsquo;odeurs indésirables qui pourraient affecter la qualité du vin. Le filtre à charbon absorbe les odeurs et les impuretés de l&rsquo;air, tout en les empêchant d&rsquo;entrer en contact avec le vin.</li>
<li class="product-features__item-list__item" role="listitem"><span class="is--medium">Anti vibration :</span> oui, permet de réduire les vibrations qui peuvent affecter la qualité du vin en perturbant les sédiments et la stabilité des bouchons en liège</li>
<li class="product-features__item-list__item" role="listitem"><span class="is--medium">Mode shabbat :</span> Non<br />
<h3 class="product-features__label">Equipement</h3>
<ul role="list">
<li class="product-features__item-list__item" role="listitem"><span class="is--medium">Type de poignée(s) :</span> intégrée(s), poignée(s) invisible(s) pour un rendu esthétique</li>
<li class="product-features__item-list__item" role="listitem"><span class="is--medium">Fermeture à serrure :</span> non</li>
<li class="product-features__item-list__item" role="listitem"><span class="is--medium">Roulettes :</span> Non</li>
<li class="product-features__item-list__item" role="listitem"><span class="is--medium">Niveau sonore :</span> très silencieux (36 db)</li>
<li class="product-features__item-list__item" role="listitem"><span class="is--medium">Classe d&rsquo;émission de bruit acoustique dans l&rsquo;air :</span> B</li>
<li class="product-features__item-list__item" role="listitem"><span class="is--medium">Connectée wifi :</span> non</li>
<li class="product-features__item-list__item" role="listitem"><span class="is--medium">Label énergie :</span> F</li>
<li class="product-features__item-list__item" role="listitem"><span class="is--medium">Consommation :</span> 95 kWh/an</li>
<li class="product-features__item-list__item" role="listitem"><span class="is--medium">Coût annuel d&rsquo;utilisation (calculé selon un coût unitaire en éléctricité de 0.2062 euros/Kwh) :</span> 24 euros par an</li>
</ul>
</li>
</ul>
</li>
</ul>
</li>
</ul>
</li>
</ul>
</li>
<li class="product-features__item" role="listitem">
<h3 class="product-features__label">Dimensions</h3>
<ul role="list">
<li class="product-features__item-list__item" role="listitem"><span class="is--medium">L x H x P :</span> 59.5 x 45.5 x 56 cm</li>
<li class="product-features__item-list__item" role="listitem"><span class="is--medium">Poids net :</span> 34,0 kg</li>
<li class="product-features__item-list__item" role="listitem"><span class="is--medium">Poids brut :</span> 38,0 kg</li>
</ul>
</li>
<li class="product-features__item" role="listitem">
<h3 class="product-features__label">Informations complémentaires</h3>
<ul role="list">
<li style="list-style-type: none">
<ul role="list">
<li class="product-features__item-list__item" role="listitem"><span class="is--medium">Garantie :</span> 2 ans</li>
<li class="product-features__item-list__item" role="listitem"><span class="is--medium">Disponibilité des pièces détachées (données fournisseur) :</span> Pendant 5 ans, à compter de la date de fabrication</li>
<li class="product-features__item-list__item" role="listitem"><span class="is--medium">Fabriqué en :</span> Chine</li>
<li class="product-features__item-list__item" role="listitem"><span class="is--medium">Marque :</span> LE CHAI</li>
<li class="product-features__item-list__item" role="listitem"><span class="is--medium">Référence constructeur :</span> LBN200POV</li>
</ul>
</li>
</ul>
</li>
</ul>
</div>
<div class="product__disclosure-content">
<p>&nbsp;</p>
</div>

<div class="keypoints">
<h3 class="keypoints__title">Les points clés</h3>
<ul role="list">
<li class="keypoints__item" role="listitem">Nombre de bouteilles : 20 &#8211; Nombre de clayette(s) : 2</li>
<li class="keypoints__item" role="listitem">L x H x P : 59.5 x 45.5 x 56 cm</li>
<li class="keypoints__item" role="listitem">Réglage température : électronique via écran &#8211; Nombre de zones : 2 zones</li>
<li class="keypoints__item" role="listitem">Niveau sonore : Très Silencieux (36dB)</li>
<li class="keypoints__item keypoints__item--advantage" role="listitem"><strong>Le + :</strong> Contrôle sensitif avec affichage digital</li>
</ul>
</div>
