{"id":39732,"date":"2024-11-21T15:42:06","date_gmt":"2024-11-21T15:42:06","guid":{"rendered":"https:\/\/electromenagerexpress.com\/product\/cave-a-vin-encastrable-mielekwt-6722-is\/"},"modified":"2024-11-22T14:03:54","modified_gmt":"2024-11-22T14:03:54","slug":"cave-a-vin-encastrable-mielekwt-6722-is","status":"publish","type":"product","link":"https:\/\/electromenagerexpress.com\/en\/product\/cave-a-vin-encastrable-mielekwt-6722-is\/","title":{"rendered":"Cave \u00e0 vin encastrable MIELE\tKWT 6722 IS"},"content":{"rendered":"<div class=\"product-features__content\">\n<h3 class=\"product-features__label\">\u00a0 \u00a0 \u00a0 \u00a0 \u00a0 Encastrement<\/h3>\n<ul role=\"list\">\n<li style=\"list-style-type: none;\">\n<ul role=\"list\">\n<li class=\"product-features__item-list__item\" role=\"listitem\"><span class=\"is--medium\">Cave encastrable :<\/span> permet d&rsquo;\u00eatre int\u00e9gr\u00e9 parfaitement dans une cuisine ou un meuble existant, cr\u00e9ant ainsi un aspect plus esth\u00e9tique et \u00e9l\u00e9gant.<\/li>\n<li class=\"product-features__item-list__item\" role=\"listitem\"><span class=\"is--medium\">Dimensions encastrement :<\/span> 557 x 1770 x 553 cm<\/li>\n<li class=\"product-features__item-list__item\" role=\"listitem\"><span class=\"is--medium\">Bon \u00e0 savoir :<\/span> avec sa largeur inf\u00e9rieure \u00e0 60cm, la cave peut \u00eatre install\u00e9e dans une niche pr\u00e9vue pour les fours.<br \/>\n<h3 class=\"product-features__label\">Agencement et esthetique<\/h3>\n<ul role=\"list\">\n<li class=\"product-features__item-list__item\" role=\"listitem\"><span class=\"is--medium\">Nombre de bouteilles (type bordelaises l\u00e9g\u00e8res) :<\/span> 80<\/li>\n<li class=\"product-features__item-list__item\" role=\"listitem\"><span class=\"is--medium\">Le saviez-vous ? :<\/span> La capacit\u00e9 annonc\u00e9e est la capacit\u00e9 maximale mesur\u00e9e selon le standard europ\u00e9en EN62552. Ce standard est calcul\u00e9 avec des bouteilles 75cl type bordeaux tradition. La capacit\u00e9 annonc\u00e9e correspond donc au nombre de bouteilles de bordeaux possibles avec le nombre de clayettes fournies dans la cave.<\/li>\n<li class=\"product-features__item-list__item\" role=\"listitem\"><span class=\"is--medium\">Volume total :<\/span> 259 litres<\/li>\n<li class=\"product-features__item-list__item\" role=\"listitem\"><span class=\"is--medium\">Type de clayettes :<\/span> clayette classique, permet d&rsquo;optimiser le rangement \u00e0 l&rsquo;int\u00e9rieur de la cave \u00e0 vin et de pr\u00e9senter des bouteilles en position verticale, semi-inclin\u00e9e.<\/li>\n<li class=\"product-features__item-list__item\" role=\"listitem\"><span class=\"is--medium\">Nombre de clayette(s) :<\/span> 8<\/li>\n<li class=\"product-features__item-list__item\" role=\"listitem\"><span class=\"is--medium\">Mat\u00e9riau des clayettes :<\/span> bois, permet d&rsquo;offrir une consevation optimale pour le vin en maintenant le li\u00e8ge en contact avec le vin et une durabilit\u00e9 \u00e0 long terme<\/li>\n<li class=\"product-features__item-list__item\" role=\"listitem\"><span class=\"is--medium\">Type de vin possible :<\/span> Diff\u00e9rents types de bouteilles<\/li>\n<li class=\"product-features__item-list__item\" role=\"listitem\"><span class=\"is--medium\">Eclairage :<\/span> LED<\/li>\n<li class=\"product-features__item-list__item\" role=\"listitem\"><span class=\"is--medium\">Porte r\u00e9versible :<\/span> Oui, vous permet de changer le sens d&rsquo;ouverture de la porte mais uniquement avec un kit de r\u00e9versibilit\u00e9 \u00e0 acheter en suppl\u00e9ment au SAV Boulanger<\/li>\n<li class=\"product-features__item-list__item\" role=\"listitem\"><span class=\"is--medium\">Sens d&rsquo;ouverture de la porte :<\/span> fixations \u00e0 droite r\u00e9versible<\/li>\n<li class=\"product-features__item-list__item\" role=\"listitem\"><span class=\"is--medium\">Coloris :<\/span> gris<\/li>\n<li class=\"product-features__item-list__item\" role=\"listitem\"><span class=\"is--medium\">Rev\u00eatement ext\u00e9rieur de la cave :<\/span> m\u00e9tal<\/li>\n<\/ul>\n<\/li>\n<\/ul>\n<\/li>\n<li class=\"product-features__item\" role=\"listitem\">\n<h3 class=\"product-features__label\">Conditions optimales<\/h3>\n<ul role=\"list\">\n<li class=\"product-features__item-list__item\" role=\"listitem\"><span class=\"is--medium\">Type de porte :<\/span> vitr\u00e9e, permet de visualiser facilement les bouteilles sans avoir \u00e0 ouvrir la porte, ce qui r\u00e9duit la circulation de l&rsquo;air dans la cave et donc la variation de la temp\u00e9rature. Le traitement anti-uv prot\u00e8ge le contenu.<\/li>\n<li class=\"product-features__item-list__item\" role=\"listitem\"><span class=\"is--medium\">Cave :<\/span> multi-temp\u00e9ratures<\/li>\n<li class=\"product-features__item-list__item\" role=\"listitem\"><span class=\"is--medium\">Plages de temp\u00e9rature :<\/span> De 5 \u00e0 20\u00b0C<\/li>\n<li class=\"product-features__item-list__item\" role=\"listitem\"><span class=\"is--medium\">Classe climatique :<\/span> la classe climatique SN-ST, ou classe subtropicale \u00e9largie (de 10\u00b0C \u00e0 38\u00b0C), permet un fonctionnement optimum dans des pi\u00e8ces \u00e0 temp\u00e9ratures basses. Id\u00e9ale pour une installation dans un garage, une v\u00e9randa ou une cave.<\/li>\n<li class=\"product-features__item-list__item\" role=\"listitem\"><span class=\"is--medium\">Zones de temp\u00e9ratures :<\/span> 2<\/li>\n<li class=\"product-features__item-list__item\" role=\"listitem\"><span class=\"is--medium\">A quoi servent les zones de temp\u00e9ratures ? :<\/span> elles permettent de stocker diff\u00e9rents types de vin dans des conditions de temp\u00e9rature optimales pour leur conservation et leur vieillissement afin de maintenir leur qualit\u00e9 et leur go\u00fbt \u00e0 long terme.<\/li>\n<li class=\"product-features__item-list__item\" role=\"listitem\"><span class=\"is--medium\">Alarme de temp\u00e9rature :<\/span> oui, permet d&rsquo;\u00eatre averti si la temp\u00e9rature de la cave \u00e0 vin sort de la plage de temp\u00e9ratures recommand\u00e9e et donc de prot\u00e9ger vos vins contre les dommages caus\u00e9s par une temp\u00e9rature trop \u00e9lev\u00e9e ou trop basse.<\/li>\n<li class=\"product-features__item-list__item\" role=\"listitem\"><span class=\"is--medium\">R\u00e9glage de la temp\u00e9rature :<\/span> connect\u00e9, permet de surveiller et r\u00e9guler la temp\u00e9rature \u00e0 distance<\/li>\n<li class=\"product-features__item-list__item\" role=\"listitem\"><span class=\"is--medium\">R\u00e9glage hygrom\u00e9trie :<\/span> Non<\/li>\n<li class=\"product-features__item-list__item\" role=\"listitem\"><span class=\"is--medium\">Filtre \u00e0 charbon :<\/span> Non<\/li>\n<li class=\"product-features__item-list__item\" role=\"listitem\"><span class=\"is--medium\">Anti vibration :<\/span> oui, permet de r\u00e9duire les vibrations qui peuvent affecter la qualit\u00e9 du vin en perturbant les s\u00e9diments et la stabilit\u00e9 des bouchons en li\u00e8ge<\/li>\n<\/ul>\n<\/li>\n<li class=\"product-features__item\" role=\"listitem\">\n<h3 class=\"product-features__label\">Equipement<\/h3>\n<ul role=\"list\">\n<li class=\"product-features__item-list__item\" role=\"listitem\"><span class=\"is--medium\">Type de poign\u00e9e(s) :<\/span> int\u00e9gr\u00e9e(s), poign\u00e9e(s) invisible(s) pour un rendu esth\u00e9tique<\/li>\n<li class=\"product-features__item-list__item\" role=\"listitem\"><span class=\"is--medium\">Fermeture \u00e0 serrure :<\/span> non<\/li>\n<li class=\"product-features__item-list__item\" role=\"listitem\"><span class=\"is--medium\">Niveau sonore :<\/span> tr\u00e8s silencieux (32 db)<\/li>\n<li class=\"product-features__item-list__item\" role=\"listitem\"><span class=\"is--medium\">Classe d&rsquo;\u00e9mission de bruit acoustique dans l&rsquo;air :<\/span> B<\/li>\n<li class=\"product-features__item-list__item\" role=\"listitem\"><span class=\"is--medium\">Connect\u00e9e wifi :<\/span> oui<\/li>\n<li class=\"product-features__item-list__item\" role=\"listitem\"><span class=\"is--medium\">Label \u00e9nergie :<\/span> G<\/li>\n<li class=\"product-features__item-list__item\" role=\"listitem\"><span class=\"is--medium\">Consommation :<\/span> 162 kWh\/an<\/li>\n<li class=\"product-features__item-list__item\" role=\"listitem\"><span class=\"is--medium\">Co\u00fbt annuel d&rsquo;utilisation (calcul\u00e9 selon un co\u00fbt unitaire en \u00e9l\u00e9ctricit\u00e9 de 0.2062 euros\/Kwh) :<\/span> 41 euros par an<\/li>\n<\/ul>\n<\/li>\n<li class=\"product-features__item\" role=\"listitem\">\n<h3 class=\"product-features__label\">Dimensions<\/h3>\n<ul role=\"list\">\n<li class=\"product-features__item-list__item\" role=\"listitem\"><span class=\"is--medium\">L x H x P :<\/span> 557 x 1770 x 553 cm<\/li>\n<li class=\"product-features__item-list__item\" role=\"listitem\"><span class=\"is--medium\">Poids net :<\/span> 90,0 kg<\/li>\n<li class=\"product-features__item-list__item\" role=\"listitem\"><span class=\"is--medium\">Poids brut :<\/span> 105,0 kg<\/li>\n<\/ul>\n<\/li>\n<li class=\"product-features__item\" role=\"listitem\">\n<h3 class=\"product-features__label\">Informations compl\u00e9mentaires<\/h3>\n<ul role=\"list\">\n<li class=\"product-features__item-list__item\" role=\"listitem\"><span class=\"is--medium\">Garantie :<\/span> 2 ans<\/li>\n<li class=\"product-features__item-list__item\" role=\"listitem\"><span class=\"is--medium\">Disponibilit\u00e9 des pi\u00e8ces d\u00e9tach\u00e9es (donn\u00e9es fournisseur) :<\/span> Pendant 15 ans, \u00e0 compter de la date de fabrication<\/li>\n<li class=\"product-features__item-list__item\" role=\"listitem\"><span class=\"is--medium\">Fabriqu\u00e9 en :<\/span> Autriche<\/li>\n<li class=\"product-features__item-list__item\" role=\"listitem\"><span class=\"is--medium\">Assembl\u00e9 en :<\/span> Europe<\/li>\n<li class=\"product-features__item-list__item\" role=\"listitem\"><span class=\"is--medium\">Marque :<\/span> MIELE<\/li>\n<li class=\"product-features__item-list__item\" role=\"listitem\"><span class=\"is--medium\">R\u00e9f\u00e9rence constructeur :<\/span> KWT 6722 IS<\/li>\n<\/ul>\n<\/li>\n<\/ul>\n<\/div>","protected":false},"excerpt":{"rendered":"<div class=\"keypoints\">\n<h3 class=\"keypoints__title\">Les points cl\u00e9s<\/h3>\n<ul role=\"list\">\n<li class=\"keypoints__item\" role=\"listitem\">Nombre de bouteilles : 80 &#8211; Nombre de clayette(s) : 8<\/li>\n<li class=\"keypoints__item\" role=\"listitem\">L x H x P : 557 x 1770 x 553 cm<\/li>\n<li class=\"keypoints__item\" role=\"listitem\">R\u00e9glage temp\u00e9rature : connect\u00e9 via application &#8211; Nombre de zones : 2 zones<\/li>\n<li class=\"keypoints__item\" role=\"listitem\">Niveau sonore : Tr\u00e8s Silencieux (32dB)<\/li>\n<li class=\"keypoints__item keypoints__item--advantage\" role=\"listitem\"><strong>Le + :<\/strong> Stockage simultan\u00e9 du vin gr\u00e2ce \u00e0 des zones de temp\u00e9ratures distinctes<\/li>\n<\/ul>\n<\/div>","protected":false},"featured_media":35436,"template":"","meta":{"_glsr_average":0,"_glsr_ranking":0,"_glsr_reviews":0},"product_cat":[272],"product_tag":[195,273,131],"class_list":{"0":"post-39732","1":"product","2":"type-product","3":"status-publish","4":"has-post-thumbnail","6":"product_cat-cave-de-vieillissement","7":"product_tag-cave-a-vin","8":"product_tag-cave-de-vieillissement","9":"product_tag-gros-electromenager","11":"first","12":"instock","13":"sale","14":"shipping-taxable","15":"purchasable","16":"product-type-simple"},"_links":{"self":[{"href":"https:\/\/electromenagerexpress.com\/en\/wp-json\/wp\/v2\/product\/39732","targetHints":{"allow":["GET"]}}],"collection":[{"href":"https:\/\/electromenagerexpress.com\/en\/wp-json\/wp\/v2\/product"}],"about":[{"href":"https:\/\/electromenagerexpress.com\/en\/wp-json\/wp\/v2\/types\/product"}],"wp:featuredmedia":[{"embeddable":true,"href":"https:\/\/electromenagerexpress.com\/en\/wp-json\/wp\/v2\/media\/35436"}],"wp:attachment":[{"href":"https:\/\/electromenagerexpress.com\/en\/wp-json\/wp\/v2\/media?parent=39732"}],"wp:term":[{"taxonomy":"product_cat","embeddable":true,"href":"https:\/\/electromenagerexpress.com\/en\/wp-json\/wp\/v2\/product_cat?post=39732"},{"taxonomy":"product_tag","embeddable":true,"href":"https:\/\/electromenagerexpress.com\/en\/wp-json\/wp\/v2\/product_tag?post=39732"}],"curies":[{"name":"wp","href":"https:\/\/api.w.org\/{rel}","templated":true}]}}

Cave à vin encastrable MIELE	KWT 6722 IS

<div class="product-features__content">
<h3 class="product-features__label">          Encastrement</h3>
<ul role="list">
<li style="list-style-type: none;">
<ul role="list">
<li class="product-features__item-list__item" role="listitem"><span class="is--medium">Cave encastrable :</span> permet d&rsquo;être intégré parfaitement dans une cuisine ou un meuble existant, créant ainsi un aspect plus esthétique et élégant.</li>
<li class="product-features__item-list__item" role="listitem"><span class="is--medium">Dimensions encastrement :</span> 557 x 1770 x 553 cm</li>
<li class="product-features__item-list__item" role="listitem"><span class="is--medium">Bon à savoir :</span> avec sa largeur inférieure à 60cm, la cave peut être installée dans une niche prévue pour les fours.<br />
<h3 class="product-features__label">Agencement et esthetique</h3>
<ul role="list">
<li class="product-features__item-list__item" role="listitem"><span class="is--medium">Nombre de bouteilles (type bordelaises légères) :</span> 80</li>
<li class="product-features__item-list__item" role="listitem"><span class="is--medium">Le saviez-vous ? :</span> La capacité annoncée est la capacité maximale mesurée selon le standard européen EN62552. Ce standard est calculé avec des bouteilles 75cl type bordeaux tradition. La capacité annoncée correspond donc au nombre de bouteilles de bordeaux possibles avec le nombre de clayettes fournies dans la cave.</li>
<li class="product-features__item-list__item" role="listitem"><span class="is--medium">Volume total :</span> 259 litres</li>
<li class="product-features__item-list__item" role="listitem"><span class="is--medium">Type de clayettes :</span> clayette classique, permet d&rsquo;optimiser le rangement à l&rsquo;intérieur de la cave à vin et de présenter des bouteilles en position verticale, semi-inclinée.</li>
<li class="product-features__item-list__item" role="listitem"><span class="is--medium">Nombre de clayette(s) :</span> 8</li>
<li class="product-features__item-list__item" role="listitem"><span class="is--medium">Matériau des clayettes :</span> bois, permet d&rsquo;offrir une consevation optimale pour le vin en maintenant le liège en contact avec le vin et une durabilité à long terme</li>
<li class="product-features__item-list__item" role="listitem"><span class="is--medium">Type de vin possible :</span> Différents types de bouteilles</li>
<li class="product-features__item-list__item" role="listitem"><span class="is--medium">Eclairage :</span> LED</li>
<li class="product-features__item-list__item" role="listitem"><span class="is--medium">Porte réversible :</span> Oui, vous permet de changer le sens d&rsquo;ouverture de la porte mais uniquement avec un kit de réversibilité à acheter en supplément au SAV Boulanger</li>
<li class="product-features__item-list__item" role="listitem"><span class="is--medium">Sens d&rsquo;ouverture de la porte :</span> fixations à droite réversible</li>
<li class="product-features__item-list__item" role="listitem"><span class="is--medium">Coloris :</span> gris</li>
<li class="product-features__item-list__item" role="listitem"><span class="is--medium">Revêtement extérieur de la cave :</span> métal</li>
</ul>
</li>
</ul>
</li>
<li class="product-features__item" role="listitem">
<h3 class="product-features__label">Conditions optimales</h3>
<ul role="list">
<li class="product-features__item-list__item" role="listitem"><span class="is--medium">Type de porte :</span> vitrée, permet de visualiser facilement les bouteilles sans avoir à ouvrir la porte, ce qui réduit la circulation de l&rsquo;air dans la cave et donc la variation de la température. Le traitement anti-uv protège le contenu.</li>
<li class="product-features__item-list__item" role="listitem"><span class="is--medium">Cave :</span> multi-températures</li>
<li class="product-features__item-list__item" role="listitem"><span class="is--medium">Plages de température :</span> De 5 à 20°C</li>
<li class="product-features__item-list__item" role="listitem"><span class="is--medium">Classe climatique :</span> la classe climatique SN-ST, ou classe subtropicale élargie (de 10°C à 38°C), permet un fonctionnement optimum dans des pièces à températures basses. Idéale pour une installation dans un garage, une véranda ou une cave.</li>
<li class="product-features__item-list__item" role="listitem"><span class="is--medium">Zones de températures :</span> 2</li>
<li class="product-features__item-list__item" role="listitem"><span class="is--medium">A quoi servent les zones de températures ? :</span> elles permettent de stocker différents types de vin dans des conditions de température optimales pour leur conservation et leur vieillissement afin de maintenir leur qualité et leur goût à long terme.</li>
<li class="product-features__item-list__item" role="listitem"><span class="is--medium">Alarme de température :</span> oui, permet d&rsquo;être averti si la température de la cave à vin sort de la plage de températures recommandée et donc de protéger vos vins contre les dommages causés par une température trop élevée ou trop basse.</li>
<li class="product-features__item-list__item" role="listitem"><span class="is--medium">Réglage de la température :</span> connecté, permet de surveiller et réguler la température à distance</li>
<li class="product-features__item-list__item" role="listitem"><span class="is--medium">Réglage hygrométrie :</span> Non</li>
<li class="product-features__item-list__item" role="listitem"><span class="is--medium">Filtre à charbon :</span> Non</li>
<li class="product-features__item-list__item" role="listitem"><span class="is--medium">Anti vibration :</span> oui, permet de réduire les vibrations qui peuvent affecter la qualité du vin en perturbant les sédiments et la stabilité des bouchons en liège</li>
</ul>
</li>
<li class="product-features__item" role="listitem">
<h3 class="product-features__label">Equipement</h3>
<ul role="list">
<li class="product-features__item-list__item" role="listitem"><span class="is--medium">Type de poignée(s) :</span> intégrée(s), poignée(s) invisible(s) pour un rendu esthétique</li>
<li class="product-features__item-list__item" role="listitem"><span class="is--medium">Fermeture à serrure :</span> non</li>
<li class="product-features__item-list__item" role="listitem"><span class="is--medium">Niveau sonore :</span> très silencieux (32 db)</li>
<li class="product-features__item-list__item" role="listitem"><span class="is--medium">Classe d&rsquo;émission de bruit acoustique dans l&rsquo;air :</span> B</li>
<li class="product-features__item-list__item" role="listitem"><span class="is--medium">Connectée wifi :</span> oui</li>
<li class="product-features__item-list__item" role="listitem"><span class="is--medium">Label énergie :</span> G</li>
<li class="product-features__item-list__item" role="listitem"><span class="is--medium">Consommation :</span> 162 kWh/an</li>
<li class="product-features__item-list__item" role="listitem"><span class="is--medium">Coût annuel d&rsquo;utilisation (calculé selon un coût unitaire en éléctricité de 0.2062 euros/Kwh) :</span> 41 euros par an</li>
</ul>
</li>
<li class="product-features__item" role="listitem">
<h3 class="product-features__label">Dimensions</h3>
<ul role="list">
<li class="product-features__item-list__item" role="listitem"><span class="is--medium">L x H x P :</span> 557 x 1770 x 553 cm</li>
<li class="product-features__item-list__item" role="listitem"><span class="is--medium">Poids net :</span> 90,0 kg</li>
<li class="product-features__item-list__item" role="listitem"><span class="is--medium">Poids brut :</span> 105,0 kg</li>
</ul>
</li>
<li class="product-features__item" role="listitem">
<h3 class="product-features__label">Informations complémentaires</h3>
<ul role="list">
<li class="product-features__item-list__item" role="listitem"><span class="is--medium">Garantie :</span> 2 ans</li>
<li class="product-features__item-list__item" role="listitem"><span class="is--medium">Disponibilité des pièces détachées (données fournisseur) :</span> Pendant 15 ans, à compter de la date de fabrication</li>
<li class="product-features__item-list__item" role="listitem"><span class="is--medium">Fabriqué en :</span> Autriche</li>
<li class="product-features__item-list__item" role="listitem"><span class="is--medium">Assemblé en :</span> Europe</li>
<li class="product-features__item-list__item" role="listitem"><span class="is--medium">Marque :</span> MIELE</li>
<li class="product-features__item-list__item" role="listitem"><span class="is--medium">Référence constructeur :</span> KWT 6722 IS</li>
</ul>
</li>
</ul>
</div>

<div class="keypoints">
<h3 class="keypoints__title">Les points clés</h3>
<ul role="list">
<li class="keypoints__item" role="listitem">Nombre de bouteilles : 80 &#8211; Nombre de clayette(s) : 8</li>
<li class="keypoints__item" role="listitem">L x H x P : 557 x 1770 x 553 cm</li>
<li class="keypoints__item" role="listitem">Réglage température : connecté via application &#8211; Nombre de zones : 2 zones</li>
<li class="keypoints__item" role="listitem">Niveau sonore : Très Silencieux (32dB)</li>
<li class="keypoints__item keypoints__item--advantage" role="listitem"><strong>Le + :</strong> Stockage simultané du vin grâce à des zones de températures distinctes</li>
</ul>
</div>
