{"id":39701,"date":"2024-11-21T15:40:26","date_gmt":"2024-11-21T15:40:26","guid":{"rendered":"https:\/\/electromenagerexpress.com\/product\/cave-a-vin-vieillissementartevinooxygen-oxg1t230nvsd\/"},"modified":"2024-11-22T16:50:58","modified_gmt":"2024-11-22T16:50:58","slug":"cave-a-vin-vieillissementartevinooxygen-oxg1t230nvsd","status":"publish","type":"product","link":"https:\/\/electromenagerexpress.com\/en\/product\/cave-a-vin-vieillissementartevinooxygen-oxg1t230nvsd\/","title":{"rendered":"Cave \u00e0 vin vieillissement\tARTEVINO Oxygen OXG1T230NVSD"},"content":{"rendered":"<div class=\"product-features__content\">\n<h3 class=\"product-features__label\">\u00a0 \u00a0 \u00a0 \u00a0 \u00a0 \u00a0 \u00a0Agencement et esthetique<\/h3>\n<ul role=\"list\">\n<li style=\"list-style-type: none;\">\n<ul>\n<li style=\"list-style-type: none;\">\n<ul role=\"list\">\n<li class=\"product-features__item-list__item\" role=\"listitem\"><span class=\"is--medium\">Nombre de bouteilles (type bordelaises l\u00e9g\u00e8res) :<\/span> 230<\/li>\n<li class=\"product-features__item-list__item\" role=\"listitem\"><span class=\"is--medium\">Le saviez-vous ? :<\/span> La capacit\u00e9 annonc\u00e9e est la capacit\u00e9 maximale mesur\u00e9e selon le standard europ\u00e9en EN62552. Ce standard est calcul\u00e9 avec des bouteilles 75cl type bordeaux tradition. La capacit\u00e9 annonc\u00e9e correspond donc au nombre de bouteilles de bordeaux possibles avec le nombre de clayettes fournies dans la cave.<\/li>\n<li class=\"product-features__item-list__item\" role=\"listitem\"><span class=\"is--medium\">Type de clayettes :<\/span> clayette de pr\u00e9sentation, permet de placer x bouteilles en position inclin\u00e9e\/horizontale pour une pr\u00e9sentation \u00e9l\u00e9gante de votre collection.<\/li>\n<li class=\"product-features__item-list__item\" role=\"listitem\"><span class=\"is--medium\">Nombre de clayette(s) :<\/span> 4<\/li>\n<li class=\"product-features__item-list__item\" role=\"listitem\"><span class=\"is--medium\">Mat\u00e9riau des clayettes :<\/span> bois, permet d&rsquo;offrir une consevation optimale pour le vin en maintenant le li\u00e8ge en contact avec le vin et une durabilit\u00e9 \u00e0 long terme<\/li>\n<li class=\"product-features__item-list__item\" role=\"listitem\"><span class=\"is--medium\">Type de vin possible :<\/span> Diff\u00e9rents types de bouteilles<\/li>\n<li class=\"product-features__item-list__item\" role=\"listitem\"><span class=\"is--medium\">Eclairage :<\/span> non<\/li>\n<li class=\"product-features__item-list__item\" role=\"listitem\"><span class=\"is--medium\">Coloris :<\/span> noir<br \/>\n<h3 class=\"product-features__label\">Conditions optimales<\/h3>\n<ul role=\"list\">\n<li class=\"product-features__item-list__item\" role=\"listitem\"><span class=\"is--medium\">Type de porte :<\/span> vitr\u00e9e, permet de visualiser facilement les bouteilles sans avoir \u00e0 ouvrir la porte, ce qui r\u00e9duit la circulation de l&rsquo;air dans la cave et donc la variation de la temp\u00e9rature. Le traitement anti-uv prot\u00e8ge le contenu.<\/li>\n<li class=\"product-features__item-list__item\" role=\"listitem\"><span class=\"is--medium\">Cave :<\/span> mono-temp\u00e9rature<\/li>\n<li class=\"product-features__item-list__item\" role=\"listitem\"><span class=\"is--medium\">Conseil de rangement :<\/span> rangez du haut vers le bas vins rouges forts, vins ros\u00e9s ou rouges moyens, vins blancs<\/li>\n<li class=\"product-features__item-list__item\" role=\"listitem\"><span class=\"is--medium\">Classe climatique :<\/span> la classe climatique N, ou classe temp\u00e9r\u00e9e (de 16\u00b0C \u00e0 32\u00b0C), permet un fonctionnement optimum dans des pi\u00e8ces \u00e0 temp\u00e9ratures temp\u00e9r\u00e9es. Id\u00e9ale pour une installation dans une cuisine.<\/li>\n<li class=\"product-features__item-list__item\" role=\"listitem\"><span class=\"is--medium\">Zones de temp\u00e9ratures :<\/span> 1<\/li>\n<li class=\"product-features__item-list__item\" role=\"listitem\"><span class=\"is--medium\">A quoi servent les zones de temp\u00e9ratures ? :<\/span> elles permettent de stocker diff\u00e9rents types de vin dans des conditions de temp\u00e9rature optimales pour leur conservation et leur vieillissement afin de maintenir leur qualit\u00e9 et leur go\u00fbt \u00e0 long terme.<\/li>\n<li class=\"product-features__item-list__item\" role=\"listitem\"><span class=\"is--medium\">Alarme de temp\u00e9rature :<\/span> oui, permet d&rsquo;\u00eatre averti si la temp\u00e9rature de la cave \u00e0 vin sort de la plage de temp\u00e9ratures recommand\u00e9e et donc de prot\u00e9ger vos vins contre les dommages caus\u00e9s par une temp\u00e9rature trop \u00e9lev\u00e9e ou trop basse.<\/li>\n<li class=\"product-features__item-list__item\" role=\"listitem\"><span class=\"is--medium\">R\u00e9glage de la temp\u00e9rature :<\/span> \u00e9lectronique, permet d&rsquo;afficher la temp\u00e9rature et de la r\u00e9gler comme souhait\u00e9e<\/li>\n<li class=\"product-features__item-list__item\" role=\"listitem\"><span class=\"is--medium\">R\u00e9glage hygrom\u00e9trie :<\/span> Non<\/li>\n<li class=\"product-features__item-list__item\" role=\"listitem\"><span class=\"is--medium\">Filtre \u00e0 charbon :<\/span> Non<\/li>\n<li class=\"product-features__item-list__item\" role=\"listitem\"><span class=\"is--medium\">Anti vibration :<\/span> oui, permet de r\u00e9duire les vibrations qui peuvent affecter la qualit\u00e9 du vin en perturbant les s\u00e9diments et la stabilit\u00e9 des bouchons en li\u00e8ge<\/li>\n<li class=\"product-features__item-list__item\" role=\"listitem\"><span class=\"is--medium\">Fonction hiver :<\/span> permet de maintenir une temp\u00e9rature constante, m\u00eame en p\u00e9riode de froid, assurant ainsi une conservation optimale du vin.<br \/>\n<h3 class=\"product-features__label\">Equipement<\/h3>\n<ul role=\"list\">\n<li class=\"product-features__item-list__item\" role=\"listitem\"><span class=\"is--medium\">Fermeture \u00e0 serrure :<\/span> non<\/li>\n<li class=\"product-features__item-list__item\" role=\"listitem\"><span class=\"is--medium\">Pieds r\u00e9glables :<\/span> non<\/li>\n<li class=\"product-features__item-list__item\" role=\"listitem\"><span class=\"is--medium\">Roulettes :<\/span> Non<\/li>\n<li class=\"product-features__item-list__item\" role=\"listitem\"><span class=\"is--medium\">Niveau sonore :<\/span> silencieux (37 db)<\/li>\n<li class=\"product-features__item-list__item\" role=\"listitem\"><span class=\"is--medium\">Classe d&rsquo;\u00e9mission de bruit acoustique dans l&rsquo;air :<\/span> C<\/li>\n<li class=\"product-features__item-list__item\" role=\"listitem\"><span class=\"is--medium\">Connect\u00e9e wifi :<\/span> non<\/li>\n<li class=\"product-features__item-list__item\" role=\"listitem\"><span class=\"is--medium\">Label \u00e9nergie :<\/span> G<\/li>\n<li class=\"product-features__item-list__item\" role=\"listitem\"><span class=\"is--medium\">Consommation :<\/span> 190 kWh\/an<\/li>\n<li class=\"product-features__item-list__item\" role=\"listitem\"><span class=\"is--medium\">Co\u00fbt annuel d&rsquo;utilisation (calcul\u00e9 selon un co\u00fbt unitaire en \u00e9l\u00e9ctricit\u00e9 de 0.2062 euros\/Kwh) :<\/span> 48 euros par an<br \/>\n<h3 class=\"product-features__label\">Dimensions<\/h3>\n<ul role=\"list\">\n<li class=\"product-features__item-list__item\" role=\"listitem\"><span class=\"is--medium\">L x H x P :<\/span> 68 x 182.5 x 72 cm<\/li>\n<li class=\"product-features__item-list__item\" role=\"listitem\"><span class=\"is--medium\">Poids net :<\/span> 104,0 kg<\/li>\n<li class=\"product-features__item-list__item\" role=\"listitem\"><span class=\"is--medium\">Poids brut :<\/span> 130,4 kg<br \/>\n<h3 class=\"product-features__label\">Informations compl\u00e9mentaires<\/h3>\n<ul role=\"list\">\n<li style=\"list-style-type: none;\">\n<ul role=\"list\">\n<li class=\"product-features__item-list__item\" role=\"listitem\"><span class=\"is--medium\">Garantie :<\/span> 2 ans<\/li>\n<li class=\"product-features__item-list__item\" role=\"listitem\"><span class=\"is--medium\">Disponibilit\u00e9 des pi\u00e8ces d\u00e9tach\u00e9es (donn\u00e9es fournisseur) :<\/span> Pendant 11 ans, \u00e0 compter de la date d&rsquo;achat<\/li>\n<li class=\"product-features__item-list__item\" role=\"listitem\"><span class=\"is--medium\">Fabriqu\u00e9 en :<\/span> France<\/li>\n<li class=\"product-features__item-list__item\" role=\"listitem\"><span class=\"is--medium\">Marque :<\/span> ARTEVINO<\/li>\n<li class=\"product-features__item-list__item\" role=\"listitem\"><span class=\"is--medium\">R\u00e9f\u00e9rence constructeur :<\/span> Oxygen OXG1T230NVSD<\/li>\n<\/ul>\n<\/li>\n<\/ul>\n<\/li>\n<\/ul>\n<\/li>\n<\/ul>\n<\/li>\n<\/ul>\n<\/li>\n<\/ul>\n<\/li>\n<\/ul>\n<\/li>\n<\/ul>\n<\/div>\n<div class=\"product__disclosure-content\">\n<div class=\"js-read-more product-description__content read-more read-more--truncated\" style=\"max-height: 500px; overflow: hidden;\" data-read-more-name=\"description\">\n<p>&nbsp;<\/p>\n<p class=\"wy_tableau_gauche\">\n<\/div>\n<p>&nbsp;<\/p>\n<\/div>","protected":false},"excerpt":{"rendered":"<div class=\"keypoints\">\n<h3 class=\"keypoints__title\">Les points cl\u00e9s<\/h3>\n<ul role=\"list\">\n<li class=\"keypoints__item\" role=\"listitem\">Nombre de bouteilles : 230 &#8211; Nombre de clayette(s) : 4<\/li>\n<li class=\"keypoints__item\" role=\"listitem\">L x H x P : 68 x 182.5 x 72 cm<\/li>\n<li class=\"keypoints__item\" role=\"listitem\">R\u00e9glage temp\u00e9rature : \u00e9lectronique via \u00e9cran &#8211; Nombre de zones : 1 zone<\/li>\n<li class=\"keypoints__item\" role=\"listitem\">Niveau sonore : Silencieux (37dB)<\/li>\n<li class=\"keypoints__item keypoints__item--advantage\" role=\"listitem\"><strong>Le + :<\/strong> Cette cave est dot\u00e9e d&rsquo;une clayette universelle permettant de l&rsquo;adapter en version Pr\u00e9sentation, Coulissante ou Empilage<\/li>\n<\/ul>\n<\/div>","protected":false},"featured_media":35058,"template":"","meta":{"_glsr_average":0,"_glsr_ranking":0,"_glsr_reviews":0},"product_cat":[272],"product_tag":[195,273,131],"class_list":{"0":"post-39701","1":"product","2":"type-product","3":"status-publish","4":"has-post-thumbnail","6":"product_cat-cave-de-vieillissement","7":"product_tag-cave-a-vin","8":"product_tag-cave-de-vieillissement","9":"product_tag-gros-electromenager","11":"first","12":"instock","13":"sale","14":"shipping-taxable","15":"purchasable","16":"product-type-simple"},"_links":{"self":[{"href":"https:\/\/electromenagerexpress.com\/en\/wp-json\/wp\/v2\/product\/39701","targetHints":{"allow":["GET"]}}],"collection":[{"href":"https:\/\/electromenagerexpress.com\/en\/wp-json\/wp\/v2\/product"}],"about":[{"href":"https:\/\/electromenagerexpress.com\/en\/wp-json\/wp\/v2\/types\/product"}],"wp:featuredmedia":[{"embeddable":true,"href":"https:\/\/electromenagerexpress.com\/en\/wp-json\/wp\/v2\/media\/35058"}],"wp:attachment":[{"href":"https:\/\/electromenagerexpress.com\/en\/wp-json\/wp\/v2\/media?parent=39701"}],"wp:term":[{"taxonomy":"product_cat","embeddable":true,"href":"https:\/\/electromenagerexpress.com\/en\/wp-json\/wp\/v2\/product_cat?post=39701"},{"taxonomy":"product_tag","embeddable":true,"href":"https:\/\/electromenagerexpress.com\/en\/wp-json\/wp\/v2\/product_tag?post=39701"}],"curies":[{"name":"wp","href":"https:\/\/api.w.org\/{rel}","templated":true}]}}

Cave à vin vieillissement	ARTEVINO Oxygen OXG1T230NVSD

<div class="product-features__content">
<h3 class="product-features__label">             Agencement et esthetique</h3>
<ul role="list">
<li style="list-style-type: none;">
<ul>
<li style="list-style-type: none;">
<ul role="list">
<li class="product-features__item-list__item" role="listitem"><span class="is--medium">Nombre de bouteilles (type bordelaises légères) :</span> 230</li>
<li class="product-features__item-list__item" role="listitem"><span class="is--medium">Le saviez-vous ? :</span> La capacité annoncée est la capacité maximale mesurée selon le standard européen EN62552. Ce standard est calculé avec des bouteilles 75cl type bordeaux tradition. La capacité annoncée correspond donc au nombre de bouteilles de bordeaux possibles avec le nombre de clayettes fournies dans la cave.</li>
<li class="product-features__item-list__item" role="listitem"><span class="is--medium">Type de clayettes :</span> clayette de présentation, permet de placer x bouteilles en position inclinée/horizontale pour une présentation élégante de votre collection.</li>
<li class="product-features__item-list__item" role="listitem"><span class="is--medium">Nombre de clayette(s) :</span> 4</li>
<li class="product-features__item-list__item" role="listitem"><span class="is--medium">Matériau des clayettes :</span> bois, permet d&rsquo;offrir une consevation optimale pour le vin en maintenant le liège en contact avec le vin et une durabilité à long terme</li>
<li class="product-features__item-list__item" role="listitem"><span class="is--medium">Type de vin possible :</span> Différents types de bouteilles</li>
<li class="product-features__item-list__item" role="listitem"><span class="is--medium">Eclairage :</span> non</li>
<li class="product-features__item-list__item" role="listitem"><span class="is--medium">Coloris :</span> noir<br />
<h3 class="product-features__label">Conditions optimales</h3>
<ul role="list">
<li class="product-features__item-list__item" role="listitem"><span class="is--medium">Type de porte :</span> vitrée, permet de visualiser facilement les bouteilles sans avoir à ouvrir la porte, ce qui réduit la circulation de l&rsquo;air dans la cave et donc la variation de la température. Le traitement anti-uv protège le contenu.</li>
<li class="product-features__item-list__item" role="listitem"><span class="is--medium">Cave :</span> mono-température</li>
<li class="product-features__item-list__item" role="listitem"><span class="is--medium">Conseil de rangement :</span> rangez du haut vers le bas vins rouges forts, vins rosés ou rouges moyens, vins blancs</li>
<li class="product-features__item-list__item" role="listitem"><span class="is--medium">Classe climatique :</span> la classe climatique N, ou classe tempérée (de 16°C à 32°C), permet un fonctionnement optimum dans des pièces à températures tempérées. Idéale pour une installation dans une cuisine.</li>
<li class="product-features__item-list__item" role="listitem"><span class="is--medium">Zones de températures :</span> 1</li>
<li class="product-features__item-list__item" role="listitem"><span class="is--medium">A quoi servent les zones de températures ? :</span> elles permettent de stocker différents types de vin dans des conditions de température optimales pour leur conservation et leur vieillissement afin de maintenir leur qualité et leur goût à long terme.</li>
<li class="product-features__item-list__item" role="listitem"><span class="is--medium">Alarme de température :</span> oui, permet d&rsquo;être averti si la température de la cave à vin sort de la plage de températures recommandée et donc de protéger vos vins contre les dommages causés par une température trop élevée ou trop basse.</li>
<li class="product-features__item-list__item" role="listitem"><span class="is--medium">Réglage de la température :</span> électronique, permet d&rsquo;afficher la température et de la régler comme souhaitée</li>
<li class="product-features__item-list__item" role="listitem"><span class="is--medium">Réglage hygrométrie :</span> Non</li>
<li class="product-features__item-list__item" role="listitem"><span class="is--medium">Filtre à charbon :</span> Non</li>
<li class="product-features__item-list__item" role="listitem"><span class="is--medium">Anti vibration :</span> oui, permet de réduire les vibrations qui peuvent affecter la qualité du vin en perturbant les sédiments et la stabilité des bouchons en liège</li>
<li class="product-features__item-list__item" role="listitem"><span class="is--medium">Fonction hiver :</span> permet de maintenir une température constante, même en période de froid, assurant ainsi une conservation optimale du vin.<br />
<h3 class="product-features__label">Equipement</h3>
<ul role="list">
<li class="product-features__item-list__item" role="listitem"><span class="is--medium">Fermeture à serrure :</span> non</li>
<li class="product-features__item-list__item" role="listitem"><span class="is--medium">Pieds réglables :</span> non</li>
<li class="product-features__item-list__item" role="listitem"><span class="is--medium">Roulettes :</span> Non</li>
<li class="product-features__item-list__item" role="listitem"><span class="is--medium">Niveau sonore :</span> silencieux (37 db)</li>
<li class="product-features__item-list__item" role="listitem"><span class="is--medium">Classe d&rsquo;émission de bruit acoustique dans l&rsquo;air :</span> C</li>
<li class="product-features__item-list__item" role="listitem"><span class="is--medium">Connectée wifi :</span> non</li>
<li class="product-features__item-list__item" role="listitem"><span class="is--medium">Label énergie :</span> G</li>
<li class="product-features__item-list__item" role="listitem"><span class="is--medium">Consommation :</span> 190 kWh/an</li>
<li class="product-features__item-list__item" role="listitem"><span class="is--medium">Coût annuel d&rsquo;utilisation (calculé selon un coût unitaire en éléctricité de 0.2062 euros/Kwh) :</span> 48 euros par an<br />
<h3 class="product-features__label">Dimensions</h3>
<ul role="list">
<li class="product-features__item-list__item" role="listitem"><span class="is--medium">L x H x P :</span> 68 x 182.5 x 72 cm</li>
<li class="product-features__item-list__item" role="listitem"><span class="is--medium">Poids net :</span> 104,0 kg</li>
<li class="product-features__item-list__item" role="listitem"><span class="is--medium">Poids brut :</span> 130,4 kg<br />
<h3 class="product-features__label">Informations complémentaires</h3>
<ul role="list">
<li style="list-style-type: none;">
<ul role="list">
<li class="product-features__item-list__item" role="listitem"><span class="is--medium">Garantie :</span> 2 ans</li>
<li class="product-features__item-list__item" role="listitem"><span class="is--medium">Disponibilité des pièces détachées (données fournisseur) :</span> Pendant 11 ans, à compter de la date d&rsquo;achat</li>
<li class="product-features__item-list__item" role="listitem"><span class="is--medium">Fabriqué en :</span> France</li>
<li class="product-features__item-list__item" role="listitem"><span class="is--medium">Marque :</span> ARTEVINO</li>
<li class="product-features__item-list__item" role="listitem"><span class="is--medium">Référence constructeur :</span> Oxygen OXG1T230NVSD</li>
</ul>
</li>
</ul>
</li>
</ul>
</li>
</ul>
</li>
</ul>
</li>
</ul>
</li>
</ul>
</li>
</ul>
</div>
<div class="product__disclosure-content">
<div class="js-read-more product-description__content read-more read-more--truncated" style="max-height: 500px; overflow: hidden;" data-read-more-name="description">
<p>&nbsp;</p>
<p class="wy_tableau_gauche">
</div>
<p>&nbsp;</p>
</div>

<div class="keypoints">
<h3 class="keypoints__title">Les points clés</h3>
<ul role="list">
<li class="keypoints__item" role="listitem">Nombre de bouteilles : 230 &#8211; Nombre de clayette(s) : 4</li>
<li class="keypoints__item" role="listitem">L x H x P : 68 x 182.5 x 72 cm</li>
<li class="keypoints__item" role="listitem">Réglage température : électronique via écran &#8211; Nombre de zones : 1 zone</li>
<li class="keypoints__item" role="listitem">Niveau sonore : Silencieux (37dB)</li>
<li class="keypoints__item keypoints__item--advantage" role="listitem"><strong>Le + :</strong> Cette cave est dotée d&rsquo;une clayette universelle permettant de l&rsquo;adapter en version Présentation, Coulissante ou Empilage</li>
</ul>
</div>
