{"id":37467,"date":"2024-11-21T13:19:14","date_gmt":"2024-11-21T13:19:14","guid":{"rendered":"https:\/\/electromenagerexpress.com\/product\/four-encastrable-de-dietrichdor4747b-combisteam\/"},"modified":"2026-03-09T16:36:00","modified_gmt":"2026-03-09T16:36:00","slug":"four-encastrable-de-dietrichdor4747b-combisteam","status":"publish","type":"product","link":"https:\/\/electromenagerexpress.com\/en\/product\/four-encastrable-de-dietrichdor4747b-combisteam\/","title":{"rendered":"Four encastrable \tDE DIETRICH\tDOR4747B CombiSteam"},"content":{"rendered":"<div class=\"product-features__content\">\n<p>&nbsp;<\/p>\n<ul role=\"list\">\n<li class=\"product-features__item\" role=\"listitem\">\n<h3 class=\"product-features__label\">Modes de cuisson<\/h3>\n<ul role=\"list\">\n<li class=\"product-features__item-list__item\" role=\"listitem\"><span class=\"is--medium\">Mode de cuisson :<\/span> Chaleur tournante puls\u00e9e<\/li>\n<li class=\"product-features__item-list__item\" role=\"listitem\"><span class=\"is--medium\">Avantage de la chaleur tournante puls\u00e9e :<\/span> le four est \u00e9quip\u00e9 d&rsquo;un ventilateur et d&rsquo;une r\u00e9sistance circulaire situ\u00e9es sur la paroi arri\u00e8re du four, pour une cuisson simultan\u00e9e de diff\u00e9rents plats sur plusieurs niveaux<\/li>\n<li class=\"product-features__item-list__item\" role=\"listitem\"><span class=\"is--medium\">Nombre de programmes de cuisson :<\/span> 24<\/li>\n<li class=\"product-features__item-list__item\" role=\"listitem\"><span class=\"is--medium\">Fonctions sp\u00e9ciales pour r\u00e9pondre \u00e0 toutes vos envies :<\/span> sabbat, pr\u00e9chauffage rapide, d\u00e9cong\u00e9lation, maintien au chaud, levage de p\u00e2te<\/li>\n<li class=\"product-features__item-list__item\" role=\"listitem\"><span class=\"is--medium\">Nombre de recettes programm\u00e9es :<\/span> 135 aides aux choix des modes de cuisson et des temps de cuisson.<\/li>\n<li class=\"product-features__item-list__item\" role=\"listitem\"><span class=\"is--medium\">Nombre de programmes 100 % automatique :<\/span> 17 programmes, le four s&rsquo;occupe du calcul du poids, du temps de cuisson, du mode de cuisson et des temp\u00e9ratures<\/li>\n<\/ul>\n<\/li>\n<li class=\"product-features__item\" role=\"listitem\">\n<h3 class=\"product-features__label\">Connectivit\u00e9<\/h3>\n<ul role=\"list\">\n<li class=\"product-features__item-list__item\" role=\"listitem\"><span class=\"is--medium\">Connect\u00e9 :<\/span> Non concern\u00e9<\/li>\n<\/ul>\n<\/li>\n<li class=\"product-features__item\" role=\"listitem\">\n<h3 class=\"product-features__label\">Nettoyage et s\u00e9curit\u00e9<\/h3>\n<ul role=\"list\">\n<li class=\"product-features__item-list__item\" role=\"listitem\"><span class=\"is--medium\">Nettoyage :<\/span> Pyrolyse<\/li>\n<li class=\"product-features__item-list__item\" role=\"listitem\"><span class=\"is--medium\">Avantage pyrolyse :<\/span> La temp\u00e9rature int\u00e9rieure du four monte jusqu&rsquo;\u00e0 500\u00b0C et d\u00e9truit les graisses, vous n&rsquo;avez plus qu&rsquo;\u00e0 r\u00e9cup\u00e9rer les cendres \u00e0 l&rsquo;aide d&rsquo;un torchon et le tour est jou\u00e9 !<\/li>\n<li class=\"product-features__item-list__item\" role=\"listitem\"><span class=\"is--medium\">Conseils pyrolyse :<\/span> Sauf contre indication de la marque dans la notice, il est fortement conseill\u00e9 pendant le nettoyage pyrolyse d&rsquo;enlever le(s) grilles(s), lechefrite(s) et rails<\/li>\n<li class=\"product-features__item-list__item\" role=\"listitem\"><span class=\"is--medium\">Accessoires pyrolysables :<\/span> Non<\/li>\n<li class=\"product-features__item-list__item\" role=\"listitem\"><span class=\"is--medium\">Rev\u00eatement de la cavit\u00e9 :<\/span> Email<\/li>\n<li class=\"product-features__item-list__item\" role=\"listitem\"><span class=\"is--medium\">Type de porte :<\/span> Froide<\/li>\n<li class=\"product-features__item-list__item\" role=\"listitem\"><span class=\"is--medium\">Avantage porte froide :<\/span> C&rsquo;est un gage de s\u00e9curit\u00e9, il n&rsquo;y a aucun risque de br\u00fblure et l&rsquo;\u00e9paisseur des vitres offre une excellente isolation<\/li>\n<li class=\"product-features__item-list__item\" role=\"listitem\"><span class=\"is--medium\">Type d&rsquo;ouverture de porte :<\/span> Standard<\/li>\n<li class=\"product-features__item-list__item\" role=\"listitem\"><span class=\"is--medium\">Fermeture de porte :<\/span> Fermeture douce<\/li>\n<li class=\"product-features__item-list__item\" role=\"listitem\"><span class=\"is--medium\">Vitre de porte d\u00e9montable :<\/span> Oui, pour un nettoyage complet et facilit\u00e9<\/li>\n<\/ul>\n<\/li>\n<li class=\"product-features__item\" role=\"listitem\">\n<h3 class=\"product-features__label\">Equipement<\/h3>\n<ul role=\"list\">\n<li class=\"product-features__item-list__item\" role=\"listitem\"><span class=\"is--medium\">Tournebroche :<\/span> Non<\/li>\n<\/ul>\n<\/li>\n<li class=\"product-features__item\" role=\"listitem\">\n<h3 class=\"product-features__label\">Bandeau de commandes<\/h3>\n<ul role=\"list\">\n<li class=\"product-features__item-list__item\" role=\"listitem\"><span class=\"is--medium\">Type de commande :<\/span> Boutons et touches tactiles<\/li>\n<\/ul>\n<\/li>\n<li class=\"product-features__item\" role=\"listitem\">\n<h3 class=\"product-features__label\">Consommations et \u00e9conomie d&rsquo;\u00e9nergie<\/h3>\n<ul role=\"list\">\n<li class=\"product-features__item-list__item\" role=\"listitem\"><span class=\"is--medium\">Label \u00e9nergie :<\/span> A+<\/li>\n<li class=\"product-features__item-list__item\" role=\"listitem\"><span class=\"is--medium\">Puissance totale :<\/span> 3.385 W<\/li>\n<li class=\"product-features__item-list__item\" role=\"listitem\"><span class=\"is--medium\">Puissance du gril :<\/span> 2.100 W<\/li>\n<li class=\"product-features__item-list__item\" role=\"listitem\"><span class=\"is--medium\">Consommation en convection naturelle :<\/span> 0,70 kW<\/li>\n<li class=\"product-features__item-list__item\" role=\"listitem\"><span class=\"is--medium\">Consommation en chaleur tournante :<\/span> 1,10 kW<\/li>\n<\/ul>\n<\/li>\n<li class=\"product-features__item\" role=\"listitem\">\n<h3 class=\"product-features__label\">Dimensions<\/h3>\n<ul role=\"list\">\n<li class=\"product-features__item-list__item\" role=\"listitem\"><span class=\"is--medium\">Type d&rsquo;encastrement :<\/span> Four standard (60 x 60 cm)<\/li>\n<li class=\"product-features__item-list__item\" role=\"listitem\"><span class=\"is--medium\">Dimensions l x h x p :<\/span> 59.2 x 59.2 x 60.9 cm<\/li>\n<li class=\"product-features__item-list__item\" role=\"listitem\"><span class=\"is--medium\">Poids Net :<\/span> 43,70 Kg<\/li>\n<li class=\"product-features__item-list__item\" role=\"listitem\"><span class=\"is--medium\">Volume de la cavit\u00e9 en litre :<\/span> 73 L<\/li>\n<\/ul>\n<\/li>\n<li class=\"product-features__item\" role=\"listitem\">\n<h3 class=\"product-features__label\">Informations compl\u00e9mentaires<\/h3>\n<ul role=\"list\">\n<li style=\"list-style-type: none\">\n<ul role=\"list\">\n<li class=\"product-features__item-list__item\" role=\"listitem\"><span class=\"is--medium\">Fabriqu\u00e9 en :<\/span> France<\/li>\n<li class=\"product-features__item-list__item\" role=\"listitem\"><span class=\"is--medium\">Garantie :<\/span> 2 ans<\/li>\n<li class=\"product-features__item-list__item\" role=\"listitem\"><span class=\"is--medium\">Disponibilit\u00e9 des pi\u00e8ces d\u00e9tach\u00e9es (donn\u00e9es fournisseur) :<\/span> Pendant 20 ans, \u00e0 compter de la date d&rsquo;achat<\/li>\n<\/ul>\n<\/li>\n<\/ul>\n<\/li>\n<\/ul>\n<\/div>\n<div class=\"product__disclosure-content\">\n<div class=\"js-read-more product-description__content read-more read-more--truncated\" style=\"max-height: 500px; overflow: hidden;\" data-read-more-name=\"description\">\n<div class=\"product__description-content read-more\">\n<p>Four encastrable<strong> DE DIETRICH DOR4747B CombiSteam<\/strong> : l&rsquo;alliance de l&rsquo;\u00e9l\u00e9gance et de la performance<\/p>\n<h3><img fetchpriority=\"high\" decoding=\"async\" class=\"wy_tableau_gauche\" src=\"https:\/\/boulanger.scene7.com\/is\/image\/Boulanger\/3660767993617_h_f_l_0?wid=400&amp;hei=270\" alt=\"Four encastrable DE DIETRICH DOR4747B CombiSteam\" width=\"400\" height=\"270\" \/>Design raffin\u00e9 et navigation intuitive<\/h3>\n<p>Le four encastrable DE DIETRICH DOR4747B <strong>CombiSteam<\/strong> se distingue par son design \u00e9l\u00e9gant avec sa finition en Noir Infini, s&rsquo;int\u00e9grant parfaitement dans les cuisines modernes. Son<strong> s\u00e9lecteur de navigation Diamant<\/strong>, tactile et ergonomique, offre une exp\u00e9rience utilisateur fluide et pr\u00e9cise,<\/p>\n<\/div>\n<\/div>\n<p>&nbsp;<\/p>\n<div class=\"js-read-more product-description__content read-more read-more--truncated\" style=\"max-height: 500px; overflow: hidden;\" data-read-more-name=\"description\">\n<div class=\"product__description-content read-more\">\n<p>&nbsp;<\/p>\n<p>&nbsp;<\/p>\n<p>permettant d&rsquo;ajuster les r\u00e9glages avec une grande finesse.<\/p>\n<p>L&rsquo;\u00e9cran TFT couleur haute d\u00e9finition de<strong> 4&rsquo;3 pouces<\/strong> enrichit l&rsquo;interaction gr\u00e2ce \u00e0 ses fonctionnalit\u00e9s innovantes et \u00e0 la pr\u00e9sentation visuelle des plats avec une qualit\u00e9 d&rsquo;image exceptionnelle. La <strong>porte abattante Soft Close<\/strong> et la contre porte plein verre d\u00e9clipsable allient confort d&rsquo;utilisation et facilit\u00e9 de nettoyage, pour une exp\u00e9rience culinaire des plus agr\u00e9ables.<\/p>\n<h3><img decoding=\"async\" class=\"wy_tableau_right\" src=\"https:\/\/boulanger.scene7.com\/is\/image\/Boulanger\/3660767993617_h_f_l_1?wid=400&amp;hei=270\" alt=\"Four encastrable DE DIETRICH DOR4747B CombiSteam\" width=\"400\" height=\"270\" \/>Technologie CombiSteam et performances \u00e9nerg\u00e9tiques<\/h3>\n<p>Le <strong>DE DIETRICH DOR4747B<\/strong> excelle dans l&rsquo;art de la cuisson avec sa technologie <strong>CombiSteam,<\/strong> offrant<strong> 24 fonctions de cuisson<\/strong>, y compris la vapeur combin\u00e9e, la cuisson sous-vide et l&rsquo;Air Fry. La capacit\u00e9 de<strong> 73 litres<\/strong> et les accessoires vari\u00e9s, tels que les gradins fils chrom\u00e9s sur 6 niveaux et le syst\u00e8me de rails t\u00e9lescopique, permettent de pr\u00e9parer des plats pour toute la famille ou des r\u00e9ceptions.<\/p>\n<p>Avec une classe d&rsquo;efficacit\u00e9 \u00e9nerg\u00e9tique<strong> A+,<\/strong> une consommation d&rsquo;\u00e9nergie r\u00e9duite en mode conventionnel (0.70 kWh) et en convection forc\u00e9e (1.10 kWh), ce four est con\u00e7u pour une performance optimale tout en \u00e9tant respectueux de l&rsquo;environnement. La fonction <strong>pyrolyse<\/strong> assure un <strong>nettoyage efficace et sans effort<\/strong>, tandis que la s\u00e9curit\u00e9 est garantie par le <strong>syst\u00e8me Auto stop<\/strong> et la <strong>porte froide<\/strong>.<\/p>\n<p><strong>Fabriqu\u00e9 en France<\/strong>, ce four est un investissement durable avec une disponibilit\u00e9 des <strong>pi\u00e8ces d\u00e9tach\u00e9es pendant 20 ans<\/strong>, t\u00e9moignant de la confiance de DE DIETRICH dans la qualit\u00e9 et la long\u00e9vit\u00e9 de ses appareils.<\/p>\n<\/div>\n<p><center><a href=\"https:\/\/www.boulanger.com\/evenement\/boutique-de-dietrich\"><img decoding=\"async\" src=\"https:\/\/boulanger.scene7.com\/is\/image\/Boulanger\/OP0123GAMA_d?wid=1260\" width=\"1260\" height=\"160\" \/><\/a><\/center><\/div>\n<p>&nbsp;<\/p>\n<\/div>","protected":false},"excerpt":{"rendered":"<div class=\"keypoints\">\n<h3 class=\"keypoints__title\">Les points cl\u00e9s<\/h3>\n<ul role=\"list\">\n<li class=\"keypoints__item\" role=\"listitem\">Chaleur tournante puls\u00e9e &#8211; Nettoyage pyrolyse<\/li>\n<li class=\"keypoints__item\" role=\"listitem\">Porte froide &#8211; Ouverture standard<\/li>\n<li class=\"keypoints__item\" role=\"listitem\">Encastrement standard (60cm)<\/li>\n<li class=\"keypoints__item keypoints__item--advantage\" role=\"listitem\"><strong>Le + :<\/strong> s\u00e9lecteur Diamant, d\u00e9licat, tactile et ergonomique. Cuisson traditionnelle, combin\u00e9 vapeur ou 100%.<\/li>\n<\/ul>\n<\/div>","protected":false},"featured_media":9265,"template":"","meta":{"_glsr_average":0,"_glsr_ranking":0,"_glsr_reviews":0},"product_cat":[212],"product_tag":[213,131],"class_list":{"0":"post-37467","1":"product","2":"type-product","3":"status-publish","4":"has-post-thumbnail","6":"product_cat-four-encastrable","7":"product_tag-four-encastrable","8":"product_tag-gros-electromenager","10":"first","11":"instock","12":"sale","13":"shipping-taxable","14":"purchasable","15":"product-type-simple"},"_links":{"self":[{"href":"https:\/\/electromenagerexpress.com\/en\/wp-json\/wp\/v2\/product\/37467","targetHints":{"allow":["GET"]}}],"collection":[{"href":"https:\/\/electromenagerexpress.com\/en\/wp-json\/wp\/v2\/product"}],"about":[{"href":"https:\/\/electromenagerexpress.com\/en\/wp-json\/wp\/v2\/types\/product"}],"wp:featuredmedia":[{"embeddable":true,"href":"https:\/\/electromenagerexpress.com\/en\/wp-json\/wp\/v2\/media\/9265"}],"wp:attachment":[{"href":"https:\/\/electromenagerexpress.com\/en\/wp-json\/wp\/v2\/media?parent=37467"}],"wp:term":[{"taxonomy":"product_cat","embeddable":true,"href":"https:\/\/electromenagerexpress.com\/en\/wp-json\/wp\/v2\/product_cat?post=37467"},{"taxonomy":"product_tag","embeddable":true,"href":"https:\/\/electromenagerexpress.com\/en\/wp-json\/wp\/v2\/product_tag?post=37467"}],"curies":[{"name":"wp","href":"https:\/\/api.w.org\/{rel}","templated":true}]}}

<div class="product-features__content">
<p>&nbsp;</p>
<ul role="list">
<li class="product-features__item" role="listitem">
<h3 class="product-features__label">Modes de cuisson</h3>
<ul role="list">
<li class="product-features__item-list__item" role="listitem"><span class="is--medium">Mode de cuisson :</span> Chaleur tournante pulsée</li>
<li class="product-features__item-list__item" role="listitem"><span class="is--medium">Avantage de la chaleur tournante pulsée :</span> le four est équipé d&rsquo;un ventilateur et d&rsquo;une résistance circulaire situées sur la paroi arrière du four, pour une cuisson simultanée de différents plats sur plusieurs niveaux</li>
<li class="product-features__item-list__item" role="listitem"><span class="is--medium">Nombre de programmes de cuisson :</span> 24</li>
<li class="product-features__item-list__item" role="listitem"><span class="is--medium">Fonctions spéciales pour répondre à toutes vos envies :</span> sabbat, préchauffage rapide, décongélation, maintien au chaud, levage de pâte</li>
<li class="product-features__item-list__item" role="listitem"><span class="is--medium">Nombre de recettes programmées :</span> 135 aides aux choix des modes de cuisson et des temps de cuisson.</li>
<li class="product-features__item-list__item" role="listitem"><span class="is--medium">Nombre de programmes 100 % automatique :</span> 17 programmes, le four s&rsquo;occupe du calcul du poids, du temps de cuisson, du mode de cuisson et des températures</li>
</ul>
</li>
<li class="product-features__item" role="listitem">
<h3 class="product-features__label">Connectivité</h3>
<ul role="list">
<li class="product-features__item-list__item" role="listitem"><span class="is--medium">Connecté :</span> Non concerné</li>
</ul>
</li>
<li class="product-features__item" role="listitem">
<h3 class="product-features__label">Nettoyage et sécurité</h3>
<ul role="list">
<li class="product-features__item-list__item" role="listitem"><span class="is--medium">Nettoyage :</span> Pyrolyse</li>
<li class="product-features__item-list__item" role="listitem"><span class="is--medium">Avantage pyrolyse :</span> La température intérieure du four monte jusqu&rsquo;à 500°C et détruit les graisses, vous n&rsquo;avez plus qu&rsquo;à récupérer les cendres à l&rsquo;aide d&rsquo;un torchon et le tour est joué !</li>
<li class="product-features__item-list__item" role="listitem"><span class="is--medium">Conseils pyrolyse :</span> Sauf contre indication de la marque dans la notice, il est fortement conseillé pendant le nettoyage pyrolyse d&rsquo;enlever le(s) grilles(s), lechefrite(s) et rails</li>
<li class="product-features__item-list__item" role="listitem"><span class="is--medium">Accessoires pyrolysables :</span> Non</li>
<li class="product-features__item-list__item" role="listitem"><span class="is--medium">Revêtement de la cavité :</span> Email</li>
<li class="product-features__item-list__item" role="listitem"><span class="is--medium">Type de porte :</span> Froide</li>
<li class="product-features__item-list__item" role="listitem"><span class="is--medium">Avantage porte froide :</span> C&rsquo;est un gage de sécurité, il n&rsquo;y a aucun risque de brûlure et l&rsquo;épaisseur des vitres offre une excellente isolation</li>
<li class="product-features__item-list__item" role="listitem"><span class="is--medium">Type d&rsquo;ouverture de porte :</span> Standard</li>
<li class="product-features__item-list__item" role="listitem"><span class="is--medium">Fermeture de porte :</span> Fermeture douce</li>
<li class="product-features__item-list__item" role="listitem"><span class="is--medium">Vitre de porte démontable :</span> Oui, pour un nettoyage complet et facilité</li>
</ul>
</li>
<li class="product-features__item" role="listitem">
<h3 class="product-features__label">Equipement</h3>
<ul role="list">
<li class="product-features__item-list__item" role="listitem"><span class="is--medium">Tournebroche :</span> Non</li>
</ul>
</li>
<li class="product-features__item" role="listitem">
<h3 class="product-features__label">Bandeau de commandes</h3>
<ul role="list">
<li class="product-features__item-list__item" role="listitem"><span class="is--medium">Type de commande :</span> Boutons et touches tactiles</li>
</ul>
</li>
<li class="product-features__item" role="listitem">
<h3 class="product-features__label">Consommations et économie d&rsquo;énergie</h3>
<ul role="list">
<li class="product-features__item-list__item" role="listitem"><span class="is--medium">Label énergie :</span> A+</li>
<li class="product-features__item-list__item" role="listitem"><span class="is--medium">Puissance totale :</span> 3.385 W</li>
<li class="product-features__item-list__item" role="listitem"><span class="is--medium">Puissance du gril :</span> 2.100 W</li>
<li class="product-features__item-list__item" role="listitem"><span class="is--medium">Consommation en convection naturelle :</span> 0,70 kW</li>
<li class="product-features__item-list__item" role="listitem"><span class="is--medium">Consommation en chaleur tournante :</span> 1,10 kW</li>
</ul>
</li>
<li class="product-features__item" role="listitem">
<h3 class="product-features__label">Dimensions</h3>
<ul role="list">
<li class="product-features__item-list__item" role="listitem"><span class="is--medium">Type d&rsquo;encastrement :</span> Four standard (60 x 60 cm)</li>
<li class="product-features__item-list__item" role="listitem"><span class="is--medium">Dimensions l x h x p :</span> 59.2 x 59.2 x 60.9 cm</li>
<li class="product-features__item-list__item" role="listitem"><span class="is--medium">Poids Net :</span> 43,70 Kg</li>
<li class="product-features__item-list__item" role="listitem"><span class="is--medium">Volume de la cavité en litre :</span> 73 L</li>
</ul>
</li>
<li class="product-features__item" role="listitem">
<h3 class="product-features__label">Informations complémentaires</h3>
<ul role="list">
<li style="list-style-type: none">
<ul role="list">
<li class="product-features__item-list__item" role="listitem"><span class="is--medium">Fabriqué en :</span> France</li>
<li class="product-features__item-list__item" role="listitem"><span class="is--medium">Garantie :</span> 2 ans</li>
<li class="product-features__item-list__item" role="listitem"><span class="is--medium">Disponibilité des pièces détachées (données fournisseur) :</span> Pendant 20 ans, à compter de la date d&rsquo;achat</li>
</ul>
</li>
</ul>
</li>
</ul>
</div>
<div class="product__disclosure-content">
<div class="js-read-more product-description__content read-more read-more--truncated" style="max-height: 500px; overflow: hidden;" data-read-more-name="description">
<div class="product__description-content read-more">
<p>Four encastrable<strong> DE DIETRICH DOR4747B CombiSteam</strong> : l&rsquo;alliance de l&rsquo;élégance et de la performance</p>
<h3><img fetchpriority="high" decoding="async" class="wy_tableau_gauche" src="https://boulanger.scene7.com/is/image/Boulanger/3660767993617_h_f_l_0?wid=400&amp;hei=270" alt="Four encastrable DE DIETRICH DOR4747B CombiSteam" width="400" height="270" />Design raffiné et navigation intuitive</h3>
<p>Le four encastrable DE DIETRICH DOR4747B <strong>CombiSteam</strong> se distingue par son design élégant avec sa finition en Noir Infini, s&rsquo;intégrant parfaitement dans les cuisines modernes. Son<strong> sélecteur de navigation Diamant</strong>, tactile et ergonomique, offre une expérience utilisateur fluide et précise,</p>
</div>
</div>
<p>&nbsp;</p>
<div class="js-read-more product-description__content read-more read-more--truncated" style="max-height: 500px; overflow: hidden;" data-read-more-name="description">
<div class="product__description-content read-more">
<p>&nbsp;</p>
<p>&nbsp;</p>
<p>permettant d&rsquo;ajuster les réglages avec une grande finesse.</p>
<p>L&rsquo;écran TFT couleur haute définition de<strong> 4&rsquo;3 pouces</strong> enrichit l&rsquo;interaction grâce à ses fonctionnalités innovantes et à la présentation visuelle des plats avec une qualité d&rsquo;image exceptionnelle. La <strong>porte abattante Soft Close</strong> et la contre porte plein verre déclipsable allient confort d&rsquo;utilisation et facilité de nettoyage, pour une expérience culinaire des plus agréables.</p>
<h3><img decoding="async" class="wy_tableau_right" src="https://boulanger.scene7.com/is/image/Boulanger/3660767993617_h_f_l_1?wid=400&amp;hei=270" alt="Four encastrable DE DIETRICH DOR4747B CombiSteam" width="400" height="270" />Technologie CombiSteam et performances énergétiques</h3>
<p>Le <strong>DE DIETRICH DOR4747B</strong> excelle dans l&rsquo;art de la cuisson avec sa technologie <strong>CombiSteam,</strong> offrant<strong> 24 fonctions de cuisson</strong>, y compris la vapeur combinée, la cuisson sous-vide et l&rsquo;Air Fry. La capacité de<strong> 73 litres</strong> et les accessoires variés, tels que les gradins fils chromés sur 6 niveaux et le système de rails télescopique, permettent de préparer des plats pour toute la famille ou des réceptions.</p>
<p>Avec une classe d&rsquo;efficacité énergétique<strong> A+,</strong> une consommation d&rsquo;énergie réduite en mode conventionnel (0.70 kWh) et en convection forcée (1.10 kWh), ce four est conçu pour une performance optimale tout en étant respectueux de l&rsquo;environnement. La fonction <strong>pyrolyse</strong> assure un <strong>nettoyage efficace et sans effort</strong>, tandis que la sécurité est garantie par le <strong>système Auto stop</strong> et la <strong>porte froide</strong>.</p>
<p><strong>Fabriqué en France</strong>, ce four est un investissement durable avec une disponibilité des <strong>pièces détachées pendant 20 ans</strong>, témoignant de la confiance de DE DIETRICH dans la qualité et la longévité de ses appareils.</p>
</div>
<p><center><a href="https://www.boulanger.com/evenement/boutique-de-dietrich"><img decoding="async" src="https://boulanger.scene7.com/is/image/Boulanger/OP0123GAMA_d?wid=1260" width="1260" height="160" /></a></center></div>
<p>&nbsp;</p>
</div>

<div class="keypoints">
<h3 class="keypoints__title">Les points clés</h3>
<ul role="list">
<li class="keypoints__item" role="listitem">Chaleur tournante pulsée &#8211; Nettoyage pyrolyse</li>
<li class="keypoints__item" role="listitem">Porte froide &#8211; Ouverture standard</li>
<li class="keypoints__item" role="listitem">Encastrement standard (60cm)</li>
<li class="keypoints__item keypoints__item--advantage" role="listitem"><strong>Le + :</strong> sélecteur Diamant, délicat, tactile et ergonomique. Cuisson traditionnelle, combiné vapeur ou 100%.</li>
</ul>
</div>
