{"id":37306,"date":"2024-11-21T13:09:48","date_gmt":"2024-11-21T13:09:48","guid":{"rendered":"https:\/\/electromenagerexpress.com\/product\/congelateur-armoireliebherrfnd5026-22\/"},"modified":"2024-11-29T08:07:21","modified_gmt":"2024-11-29T08:07:21","slug":"congelateur-armoireliebherrfnd5026-22","status":"publish","type":"product","link":"https:\/\/electromenagerexpress.com\/en\/product\/congelateur-armoireliebherrfnd5026-22\/","title":{"rendered":"Cong\u00e9lateur armoire LIEBHERR FNd5026-22"},"content":{"rendered":"<div class=\"product-features__content\">\n<h3 class=\"product-features__label\">\u00a0 \u00a0 \u00a0 \u00a0 \u00a0 Cong\u00e9lateur<\/h3>\n<ul role=\"list\">\n<li style=\"list-style-type: none;\">\n<ul role=\"list\">\n<li class=\"product-features__item-list__item\" role=\"listitem\"><span class=\"is--medium\">Format :<\/span> armoire (\u00e0 tiroirs) permet d&rsquo;organiser id\u00e9alement le rangement des aliments et d&rsquo;acc\u00e9der facilement \u00e0 chaque compartiment<\/li>\n<li class=\"product-features__item-list__item\" role=\"listitem\"><span class=\"is--medium\">Id\u00e9al pour :<\/span> un acc\u00e8s r\u00e9gulier et organis\u00e9 au cong\u00e9lateur<\/li>\n<li class=\"product-features__item-list__item\" role=\"listitem\"><span class=\"is--medium\">Type de froid :<\/span> ventil\u00e9 (no frost), permet une r\u00e9partition homog\u00e8ne du froid. Il offre un d\u00e9givrage automatique pour ne jamais avoir \u00e0 le faire manuellement<\/li>\n<li class=\"product-features__item-list__item\" role=\"listitem\"><span class=\"is--medium\">Volume total :<\/span> standard 239L<\/li>\n<li class=\"product-features__item-list__item\" role=\"listitem\"><span class=\"is--medium\">Nombre de tiroirs (hors bigbox) :<\/span> 5 tiroirs<\/li>\n<li class=\"product-features__item-list__item\" role=\"listitem\"><span class=\"is--medium\">Nombre de Bigbox :<\/span> 1 bigbox<\/li>\n<li class=\"product-features__item-list__item\" role=\"listitem\"><span class=\"is--medium\">Espace modulable :<\/span> oui, possibilit\u00e9 d&rsquo;optimiser l&rsquo;espace en retirant un ou des tiroirs et les clayettes<\/li>\n<li class=\"product-features__item-list__item\" role=\"listitem\"><span class=\"is--medium\">Couleur :<\/span> blanc<br \/>\n<h3 class=\"product-features__label\">Type d&rsquo;installation<\/h3>\n<ul role=\"list\">\n<li class=\"product-features__item-list__item\" role=\"listitem\"><span class=\"is--medium\">Pose de l&rsquo;appareil :<\/span> pose libre, peut \u00eatre install\u00e9 librement dans n&rsquo;importe quelle pi\u00e8ce de la maison<\/li>\n<li class=\"product-features__item-list__item\" role=\"listitem\"><span class=\"is--medium\">Classe climatique ( temp\u00e9rature de la pi\u00e8ce ) :<\/span> la classe climatique SN-T,ou classe tropicale \u00e9largie (de 10\u00b0C \u00e0 43 C ), permet un fonctionnement optimum dans des pi\u00e8ces \u00e0 temp\u00e9ratures basses ou \u00e9lev\u00e9es. Id\u00e9ale pour une installation dans un garage, une v\u00e9randa ou une cave<\/li>\n<li class=\"product-features__item-list__item\" role=\"listitem\"><span class=\"is--medium\">Convient pour une pi\u00e8ce non chauff\u00e9e :<\/span> oui, jusqu&rsquo;\u00e0 -15\u00b0C<\/li>\n<li class=\"product-features__item-list__item\" role=\"listitem\"><span class=\"is--medium\">Installation contre un mur :<\/span> le cong\u00e9lateur n\u00e9cessite d&rsquo;\u00eatre install\u00e9 \u00e0 3 &#8211; 4 cm du mur pour acc\u00e9der facilement aux tiroirs<\/li>\n<li class=\"product-features__item-list__item\" role=\"listitem\"><span class=\"is--medium\">Sens d&rsquo;ouverture de la porte :<\/span> fixation \u00e0 droite r\u00e9versible, permet de changer le sens d&rsquo;ouverture de la porte pour faciliter l&rsquo;acc\u00e8s au cong\u00e9lateur selon l&rsquo;agencement de la pi\u00e8ce. Ce changement peut s&rsquo;effectuer lors de l&rsquo;installation ( \u00e0 signaler au moment de la commande).<\/li>\n<li class=\"product-features__item-list__item\" role=\"listitem\"><span class=\"is--medium\">Type de poign\u00e9e :<\/span> int\u00e9gr\u00e9e, elles sont invisibles pour un rendu esth\u00e9tique<\/li>\n<li class=\"product-features__item-list__item\" role=\"listitem\"><span class=\"is--medium\">N\u00e9cessite une arriv\u00e9e d&rsquo;eau :<\/span> non<\/li>\n<li class=\"product-features__item-list__item\" role=\"listitem\"><span class=\"is--medium\">Porte d&rsquo;habillage :<\/span> Elle n&rsquo;est pas n\u00e9cessaire pour cet appareil<\/li>\n<li class=\"product-features__item-list__item\" role=\"listitem\"><span class=\"is--medium\">Porte(s) r\u00e9versible(s) :<\/span> Oui. Vous permet de changer le sens d&rsquo;ouverture de la porte. Ce changement peut s&rsquo;effectuer lors de l&rsquo;installation (\u00e0 demander au moment de votre commande) ou par vous-m\u00eame par la suite<\/li>\n<\/ul>\n<\/li>\n<\/ul>\n<\/li>\n<li class=\"product-features__item\" role=\"listitem\">\n<h3 class=\"product-features__label\">Fonctionnalit\u00e9s et s\u00e9curit\u00e9<\/h3>\n<ul role=\"list\">\n<li class=\"product-features__item-list__item\" role=\"listitem\"><span class=\"is--medium\">Capacit\u00e9 de cong\u00e9lation :<\/span> 17 kg\/24h<\/li>\n<li class=\"product-features__item-list__item\" role=\"listitem\"><span class=\"is--medium\">Super cong\u00e9lation :<\/span> oui, la cong\u00e9lation rapide permet d&rsquo;acc\u00e9l\u00e9rer la baisse de la temp\u00e9rature pour congeler rapidement les aliments en conservant leurs saveurs et nutriments<\/li>\n<li class=\"product-features__item-list__item\" role=\"listitem\"><span class=\"is--medium\">Autonomie en cas de coupure de courant :<\/span> 16 h<\/li>\n<li class=\"product-features__item-list__item\" role=\"listitem\"><span class=\"is--medium\">Alarme d&rsquo;ouverture de porte :<\/span> visuelle et sonore<\/li>\n<li class=\"product-features__item-list__item\" role=\"listitem\"><span class=\"is--medium\">Alarme de remont\u00e9e en temp\u00e9rature :<\/span> visuelle et sonore<\/li>\n<li class=\"product-features__item-list__item\" role=\"listitem\"><span class=\"is--medium\">Serrure :<\/span> non<\/li>\n<li class=\"product-features__item-list__item\" role=\"listitem\"><span class=\"is--medium\">Connect\u00e9 :<\/span> en option, permet de contr\u00f4ler \u00e0 distance la temp\u00e9rature et de diagnostiquer une panne<\/li>\n<li class=\"product-features__item-list__item\" role=\"listitem\"><span class=\"is--medium\">Application d\u00e9di\u00e9e :<\/span> Smart Device Box<\/li>\n<\/ul>\n<\/li>\n<li class=\"product-features__item\" role=\"listitem\">\n<h3 class=\"product-features__label\">Confort d&rsquo;utilisation<\/h3>\n<ul role=\"list\">\n<li class=\"product-features__item-list__item\" role=\"listitem\"><span class=\"is--medium\">Niveau sonore :<\/span> silencieux 36 dB<\/li>\n<li class=\"product-features__item-list__item\" role=\"listitem\"><span class=\"is--medium\">Eclairage int\u00e9rieur :<\/span> non<\/li>\n<li class=\"product-features__item-list__item\" role=\"listitem\"><span class=\"is--medium\">Syst\u00e8me \u00e0 gla\u00e7ons :<\/span> non concern\u00e9<\/li>\n<li class=\"product-features__item-list__item\" role=\"listitem\"><span class=\"is--medium\">Panneau de commandes :<\/span> int\u00e9rieur tactile<\/li>\n<li class=\"product-features__item-list__item\" role=\"listitem\"><span class=\"is--medium\">Mode shabbat :<\/span> oui, ce mode d\u00e9sactive certaines fonctionnalit\u00e9s \u00e9lectroniques comme l&rsquo;\u00e9clairage int\u00e9rieur, l&rsquo;alarme d&rsquo;ouverture de porte , l&rsquo;alarme de temp\u00e9rature et le ventilateur int\u00e9rieur selon vos besoins<\/li>\n<\/ul>\n<\/li>\n<li class=\"product-features__item\" role=\"listitem\">\n<h3 class=\"product-features__label\">Consommation<\/h3>\n<ul role=\"list\">\n<li class=\"product-features__item-list__item\" role=\"listitem\"><span class=\"is--medium\">Consommation :<\/span> D<\/li>\n<li class=\"product-features__item-list__item\" role=\"listitem\"><span class=\"is--medium\">Economie d&rsquo;\u00e9nergie :<\/span> jusqu&rsquo;\u00e0 40% d&rsquo;\u00e9conomie d&rsquo;\u00e9nergie par rapport \u00e0 la classe F : source ADEME<\/li>\n<li class=\"product-features__item-list__item\" role=\"listitem\"><span class=\"is--medium\">Consommation annuelle :<\/span> 188 kWh\/an<\/li>\n<li class=\"product-features__item-list__item\" role=\"listitem\"><span class=\"is--medium\">Co\u00fbt unitaire en \u00e9lectricit\u00e9 :<\/span> 0,25 euros<\/li>\n<li class=\"product-features__item-list__item\" role=\"listitem\"><span class=\"is--medium\">Co\u00fbt annuel d&rsquo;utilisation :<\/span> 47 euros<\/li>\n<\/ul>\n<\/li>\n<li class=\"product-features__item\" role=\"listitem\">\n<h3 class=\"product-features__label\">Dimensions<\/h3>\n<ul role=\"list\">\n<li class=\"product-features__item-list__item\" role=\"listitem\"><span class=\"is--medium\">LxHxP :<\/span> 59.7 x 165.5 x 67.5 cm<\/li>\n<li class=\"product-features__item-list__item\" role=\"listitem\"><span class=\"is--medium\">Poids net \u00a0 :<\/span> 50 kg<\/li>\n<li class=\"product-features__item-list__item\" role=\"listitem\"><span class=\"is--medium\">Poids brut :<\/span> 54 kg<\/li>\n<\/ul>\n<\/li>\n<li class=\"product-features__item\" role=\"listitem\">\n<h3 class=\"product-features__label\">Informations compl\u00e9mentaires<\/h3>\n<ul role=\"list\">\n<li class=\"product-features__item-list__item\" role=\"listitem\"><span class=\"is--medium\">Garantie :<\/span> 2 ans<\/li>\n<li class=\"product-features__item-list__item\" role=\"listitem\"><span class=\"is--medium\">Fabriqu\u00e9 en :<\/span> Allemagne<\/li>\n<li class=\"product-features__item-list__item\" role=\"listitem\"><span class=\"is--medium\">Disponibilit\u00e9 des pi\u00e8ces d\u00e9tach\u00e9es :<\/span> Pendant 15 ans, \u00e0 compter de la date d&rsquo;achat<\/li>\n<\/ul>\n<\/li>\n<\/ul>\n<\/div>\n<div class=\"product__disclosure-content\">\n<div class=\"js-read-more product-description__content read-more read-more--truncated\" style=\"max-height: 500px; overflow: hidden;\" data-read-more-name=\"description\">\n<div class=\"product__description-content read-more\">\n<p>Cong\u00e9lateur armoire LIEBHERR FNd5026-22 : Haute technologie et confort au quotidien<\/p>\n<h3>Performance et innovation avec NoFrost et SmartDeviceBox<\/h3>\n<p>Le cong\u00e9lateur armoire LIEBHERR FNd5026-22 se distingue par sa technologie NoFrost, garantissant une absence totale de givre et un confort d&rsquo;utilisation in\u00e9gal\u00e9. Fini le d\u00e9givrage manuel, cette fonctionnalit\u00e9 assure une conservation optimale des aliments et une r\u00e9duction significative de la consommation \u00e9nerg\u00e9tique, avec une classe \u00e9nerg\u00e9tique avantageuse et un niveau sonore de seulement 36 dB. De plus, ce mod\u00e8le est pr\u00e9par\u00e9 pour l&rsquo;avenir gr\u00e2ce \u00e0 sa compatibilit\u00e9 avec la SmartDeviceBox en option, permettant de le connecter \u00e0 Internet et de l&rsquo;int\u00e9grer dans un environnement de maison intelligente. La gestion de la temp\u00e9rature et des alarmes visuelles et sonores se fait ais\u00e9ment via un \u00e9cran tactile digital monochrome 2,4&Prime; situ\u00e9 derri\u00e8re la porte, offrant une interface utilisateur intuitive et moderne.<\/p>\n<h3>Conception ergonomique et capacit\u00e9 optimis\u00e9e<\/h3>\n<p>Avec ses dimensions de 165,5 x 59,7 x 67,5 cm, le LIEBHERR FNd5026-22 offre un volume total de 238 litres, id\u00e9al pour stocker une grande quantit\u00e9 d&rsquo;aliments. L&rsquo;ergonomie est renforc\u00e9e par une poign\u00e9e encastr\u00e9e, des tiroirs avec guidage int\u00e9gr\u00e9 et la fonction VarioSpace permettant d&rsquo;ajuster l&rsquo;espace de stockage selon les besoins. Le cong\u00e9lateur est dot\u00e9 de 6 tiroirs, dont un tiroir sup\u00e9rieur avec fonction d&rsquo;inclinaison confortable, et d&rsquo;un bac \u00e0 gla\u00e7ons. La porte r\u00e9versible et le joint de porte amovible facilitent l&rsquo;int\u00e9gration du cong\u00e9lateur dans tous types de cuisines. La robustesse et la fiabilit\u00e9 de cet appareil sont assur\u00e9es par la qualit\u00e9 reconnue de la marque LIEBHERR, offrant ainsi un \u00e9quipement \u00e0 la fois esth\u00e9tique et performant pour une conservation optimale de vos aliments.<\/p>\n<\/div>\n<\/div>\n<p>&nbsp;<\/p>\n<\/div>","protected":false},"excerpt":{"rendered":"<div class=\"keypoints\">\n<h3 class=\"keypoints__title\">Les points cl\u00e9s<\/h3>\n<ul role=\"list\">\n<li class=\"keypoints__item\" role=\"listitem\">LxHxP : 59.7 x 165.5 x 67.5 cm &#8211; d\u00e9givrage automatique<\/li>\n<li class=\"keypoints__item\" role=\"listitem\">Volume total : standard 239L &#8211; Consommation : D<\/li>\n<li class=\"keypoints__item\" role=\"listitem\">Autonomie en cas de coupure de courant : 16 h &#8211; Pouvoir de cong\u00e9lation : 17 kg\/24h<\/li>\n<li class=\"keypoints__item\" role=\"listitem\">6 compartiments &#8211; Pi\u00e8ce jusqu&rsquo;\u00e0 -15\u00b0C<\/li>\n<li class=\"keypoints__item keypoints__item--advantage\" role=\"listitem\"><strong>Le + :<\/strong> l&rsquo;\u00e9cran tactile vous permet de commander votre Liebherr simplement et intuitivement<\/li>\n<\/ul>\n<\/div>","protected":false},"featured_media":7067,"template":"","meta":{"_glsr_average":0,"_glsr_ranking":0,"_glsr_reviews":0},"product_cat":[181],"product_tag":[182,183,131],"class_list":{"0":"post-37306","1":"product","2":"type-product","3":"status-publish","4":"has-post-thumbnail","6":"product_cat-congelateur-armoire","7":"product_tag-congelateur","8":"product_tag-congelateur-armoire","9":"product_tag-gros-electromenager","11":"first","12":"instock","13":"sale","14":"shipping-taxable","15":"purchasable","16":"product-type-simple"},"_links":{"self":[{"href":"https:\/\/electromenagerexpress.com\/en\/wp-json\/wp\/v2\/product\/37306","targetHints":{"allow":["GET"]}}],"collection":[{"href":"https:\/\/electromenagerexpress.com\/en\/wp-json\/wp\/v2\/product"}],"about":[{"href":"https:\/\/electromenagerexpress.com\/en\/wp-json\/wp\/v2\/types\/product"}],"wp:featuredmedia":[{"embeddable":true,"href":"https:\/\/electromenagerexpress.com\/en\/wp-json\/wp\/v2\/media\/7067"}],"wp:attachment":[{"href":"https:\/\/electromenagerexpress.com\/en\/wp-json\/wp\/v2\/media?parent=37306"}],"wp:term":[{"taxonomy":"product_cat","embeddable":true,"href":"https:\/\/electromenagerexpress.com\/en\/wp-json\/wp\/v2\/product_cat?post=37306"},{"taxonomy":"product_tag","embeddable":true,"href":"https:\/\/electromenagerexpress.com\/en\/wp-json\/wp\/v2\/product_tag?post=37306"}],"curies":[{"name":"wp","href":"https:\/\/api.w.org\/{rel}","templated":true}]}}

Congélateur armoire LIEBHERR FNd5026-22

<div class="product-features__content">
<h3 class="product-features__label">          Congélateur</h3>
<ul role="list">
<li style="list-style-type: none;">
<ul role="list">
<li class="product-features__item-list__item" role="listitem"><span class="is--medium">Format :</span> armoire (à tiroirs) permet d&rsquo;organiser idéalement le rangement des aliments et d&rsquo;accéder facilement à chaque compartiment</li>
<li class="product-features__item-list__item" role="listitem"><span class="is--medium">Idéal pour :</span> un accès régulier et organisé au congélateur</li>
<li class="product-features__item-list__item" role="listitem"><span class="is--medium">Type de froid :</span> ventilé (no frost), permet une répartition homogène du froid. Il offre un dégivrage automatique pour ne jamais avoir à le faire manuellement</li>
<li class="product-features__item-list__item" role="listitem"><span class="is--medium">Volume total :</span> standard 239L</li>
<li class="product-features__item-list__item" role="listitem"><span class="is--medium">Nombre de tiroirs (hors bigbox) :</span> 5 tiroirs</li>
<li class="product-features__item-list__item" role="listitem"><span class="is--medium">Nombre de Bigbox :</span> 1 bigbox</li>
<li class="product-features__item-list__item" role="listitem"><span class="is--medium">Espace modulable :</span> oui, possibilité d&rsquo;optimiser l&rsquo;espace en retirant un ou des tiroirs et les clayettes</li>
<li class="product-features__item-list__item" role="listitem"><span class="is--medium">Couleur :</span> blanc<br />
<h3 class="product-features__label">Type d&rsquo;installation</h3>
<ul role="list">
<li class="product-features__item-list__item" role="listitem"><span class="is--medium">Pose de l&rsquo;appareil :</span> pose libre, peut être installé librement dans n&rsquo;importe quelle pièce de la maison</li>
<li class="product-features__item-list__item" role="listitem"><span class="is--medium">Classe climatique ( température de la pièce ) :</span> la classe climatique SN-T,ou classe tropicale élargie (de 10°C à 43 C ), permet un fonctionnement optimum dans des pièces à températures basses ou élevées. Idéale pour une installation dans un garage, une véranda ou une cave</li>
<li class="product-features__item-list__item" role="listitem"><span class="is--medium">Convient pour une pièce non chauffée :</span> oui, jusqu&rsquo;à -15°C</li>
<li class="product-features__item-list__item" role="listitem"><span class="is--medium">Installation contre un mur :</span> le congélateur nécessite d&rsquo;être installé à 3 &#8211; 4 cm du mur pour accéder facilement aux tiroirs</li>
<li class="product-features__item-list__item" role="listitem"><span class="is--medium">Sens d&rsquo;ouverture de la porte :</span> fixation à droite réversible, permet de changer le sens d&rsquo;ouverture de la porte pour faciliter l&rsquo;accès au congélateur selon l&rsquo;agencement de la pièce. Ce changement peut s&rsquo;effectuer lors de l&rsquo;installation ( à signaler au moment de la commande).</li>
<li class="product-features__item-list__item" role="listitem"><span class="is--medium">Type de poignée :</span> intégrée, elles sont invisibles pour un rendu esthétique</li>
<li class="product-features__item-list__item" role="listitem"><span class="is--medium">Nécessite une arrivée d&rsquo;eau :</span> non</li>
<li class="product-features__item-list__item" role="listitem"><span class="is--medium">Porte d&rsquo;habillage :</span> Elle n&rsquo;est pas nécessaire pour cet appareil</li>
<li class="product-features__item-list__item" role="listitem"><span class="is--medium">Porte(s) réversible(s) :</span> Oui. Vous permet de changer le sens d&rsquo;ouverture de la porte. Ce changement peut s&rsquo;effectuer lors de l&rsquo;installation (à demander au moment de votre commande) ou par vous-même par la suite</li>
</ul>
</li>
</ul>
</li>
<li class="product-features__item" role="listitem">
<h3 class="product-features__label">Fonctionnalités et sécurité</h3>
<ul role="list">
<li class="product-features__item-list__item" role="listitem"><span class="is--medium">Capacité de congélation :</span> 17 kg/24h</li>
<li class="product-features__item-list__item" role="listitem"><span class="is--medium">Super congélation :</span> oui, la congélation rapide permet d&rsquo;accélérer la baisse de la température pour congeler rapidement les aliments en conservant leurs saveurs et nutriments</li>
<li class="product-features__item-list__item" role="listitem"><span class="is--medium">Autonomie en cas de coupure de courant :</span> 16 h</li>
<li class="product-features__item-list__item" role="listitem"><span class="is--medium">Alarme d&rsquo;ouverture de porte :</span> visuelle et sonore</li>
<li class="product-features__item-list__item" role="listitem"><span class="is--medium">Alarme de remontée en température :</span> visuelle et sonore</li>
<li class="product-features__item-list__item" role="listitem"><span class="is--medium">Serrure :</span> non</li>
<li class="product-features__item-list__item" role="listitem"><span class="is--medium">Connecté :</span> en option, permet de contrôler à distance la température et de diagnostiquer une panne</li>
<li class="product-features__item-list__item" role="listitem"><span class="is--medium">Application dédiée :</span> Smart Device Box</li>
</ul>
</li>
<li class="product-features__item" role="listitem">
<h3 class="product-features__label">Confort d&rsquo;utilisation</h3>
<ul role="list">
<li class="product-features__item-list__item" role="listitem"><span class="is--medium">Niveau sonore :</span> silencieux 36 dB</li>
<li class="product-features__item-list__item" role="listitem"><span class="is--medium">Eclairage intérieur :</span> non</li>
<li class="product-features__item-list__item" role="listitem"><span class="is--medium">Système à glaçons :</span> non concerné</li>
<li class="product-features__item-list__item" role="listitem"><span class="is--medium">Panneau de commandes :</span> intérieur tactile</li>
<li class="product-features__item-list__item" role="listitem"><span class="is--medium">Mode shabbat :</span> oui, ce mode désactive certaines fonctionnalités électroniques comme l&rsquo;éclairage intérieur, l&rsquo;alarme d&rsquo;ouverture de porte , l&rsquo;alarme de température et le ventilateur intérieur selon vos besoins</li>
</ul>
</li>
<li class="product-features__item" role="listitem">
<h3 class="product-features__label">Consommation</h3>
<ul role="list">
<li class="product-features__item-list__item" role="listitem"><span class="is--medium">Consommation :</span> D</li>
<li class="product-features__item-list__item" role="listitem"><span class="is--medium">Economie d&rsquo;énergie :</span> jusqu&rsquo;à 40% d&rsquo;économie d&rsquo;énergie par rapport à la classe F : source ADEME</li>
<li class="product-features__item-list__item" role="listitem"><span class="is--medium">Consommation annuelle :</span> 188 kWh/an</li>
<li class="product-features__item-list__item" role="listitem"><span class="is--medium">Coût unitaire en électricité :</span> 0,25 euros</li>
<li class="product-features__item-list__item" role="listitem"><span class="is--medium">Coût annuel d&rsquo;utilisation :</span> 47 euros</li>
</ul>
</li>
<li class="product-features__item" role="listitem">
<h3 class="product-features__label">Dimensions</h3>
<ul role="list">
<li class="product-features__item-list__item" role="listitem"><span class="is--medium">LxHxP :</span> 59.7 x 165.5 x 67.5 cm</li>
<li class="product-features__item-list__item" role="listitem"><span class="is--medium">Poids net   :</span> 50 kg</li>
<li class="product-features__item-list__item" role="listitem"><span class="is--medium">Poids brut :</span> 54 kg</li>
</ul>
</li>
<li class="product-features__item" role="listitem">
<h3 class="product-features__label">Informations complémentaires</h3>
<ul role="list">
<li class="product-features__item-list__item" role="listitem"><span class="is--medium">Garantie :</span> 2 ans</li>
<li class="product-features__item-list__item" role="listitem"><span class="is--medium">Fabriqué en :</span> Allemagne</li>
<li class="product-features__item-list__item" role="listitem"><span class="is--medium">Disponibilité des pièces détachées :</span> Pendant 15 ans, à compter de la date d&rsquo;achat</li>
</ul>
</li>
</ul>
</div>
<div class="product__disclosure-content">
<div class="js-read-more product-description__content read-more read-more--truncated" style="max-height: 500px; overflow: hidden;" data-read-more-name="description">
<div class="product__description-content read-more">
<p>Congélateur armoire LIEBHERR FNd5026-22 : Haute technologie et confort au quotidien</p>
<h3>Performance et innovation avec NoFrost et SmartDeviceBox</h3>
<p>Le congélateur armoire LIEBHERR FNd5026-22 se distingue par sa technologie NoFrost, garantissant une absence totale de givre et un confort d&rsquo;utilisation inégalé. Fini le dégivrage manuel, cette fonctionnalité assure une conservation optimale des aliments et une réduction significative de la consommation énergétique, avec une classe énergétique avantageuse et un niveau sonore de seulement 36 dB. De plus, ce modèle est préparé pour l&rsquo;avenir grâce à sa compatibilité avec la SmartDeviceBox en option, permettant de le connecter à Internet et de l&rsquo;intégrer dans un environnement de maison intelligente. La gestion de la température et des alarmes visuelles et sonores se fait aisément via un écran tactile digital monochrome 2,4&Prime; situé derrière la porte, offrant une interface utilisateur intuitive et moderne.</p>
<h3>Conception ergonomique et capacité optimisée</h3>
<p>Avec ses dimensions de 165,5 x 59,7 x 67,5 cm, le LIEBHERR FNd5026-22 offre un volume total de 238 litres, idéal pour stocker une grande quantité d&rsquo;aliments. L&rsquo;ergonomie est renforcée par une poignée encastrée, des tiroirs avec guidage intégré et la fonction VarioSpace permettant d&rsquo;ajuster l&rsquo;espace de stockage selon les besoins. Le congélateur est doté de 6 tiroirs, dont un tiroir supérieur avec fonction d&rsquo;inclinaison confortable, et d&rsquo;un bac à glaçons. La porte réversible et le joint de porte amovible facilitent l&rsquo;intégration du congélateur dans tous types de cuisines. La robustesse et la fiabilité de cet appareil sont assurées par la qualité reconnue de la marque LIEBHERR, offrant ainsi un équipement à la fois esthétique et performant pour une conservation optimale de vos aliments.</p>
</div>
</div>
<p>&nbsp;</p>
</div>

<div class="keypoints">
<h3 class="keypoints__title">Les points clés</h3>
<ul role="list">
<li class="keypoints__item" role="listitem">LxHxP : 59.7 x 165.5 x 67.5 cm &#8211; dégivrage automatique</li>
<li class="keypoints__item" role="listitem">Volume total : standard 239L &#8211; Consommation : D</li>
<li class="keypoints__item" role="listitem">Autonomie en cas de coupure de courant : 16 h &#8211; Pouvoir de congélation : 17 kg/24h</li>
<li class="keypoints__item" role="listitem">6 compartiments &#8211; Pièce jusqu&rsquo;à -15°C</li>
<li class="keypoints__item keypoints__item--advantage" role="listitem"><strong>Le + :</strong> l&rsquo;écran tactile vous permet de commander votre Liebherr simplement et intuitivement</li>
</ul>
</div>
